{"id":1448,"date":"2025-10-24T08:45:48","date_gmt":"2025-10-24T06:45:48","guid":{"rendered":"https:\/\/lesvoltes.eu\/?post_type=cursos&#038;p=1448"},"modified":"2025-10-24T09:00:49","modified_gmt":"2025-10-24T07:00:49","slug":"formacio-expres-per-a-opositors-educacio-infantil-i-primaria","status":"publish","type":"cursos","link":"https:\/\/lesvoltes.eu\/es\/cursos\/formacio-expres-per-a-opositors-educacio-infantil-i-primaria\/","title":{"rendered":"Formaci\u00f3 expr\u00e9s per a opositors &#8211; Educaci\u00f3 infantil i prim\u00e0ria"},"content":{"rendered":"\n<p>Es tracta d\u2019un curs intensiu de quatre caps de setmana per tal de preparar la convocat\u00f2ria d\u2019oposicions del proper mes de juny, per a les especialitats d\u2019educaci\u00f3 infantil i educaci\u00f3 prim\u00e0ria.<\/p>\n","protected":false},"featured_media":1449,"template":"","class_list":["post-1448","cursos","type-cursos","status-publish","has-post-thumbnail","hentry"],"yoast_head":"<!-- This site is optimized with the Yoast SEO plugin v26.9 - https:\/\/yoast.com\/product\/yoast-seo-wordpress\/ -->\n<title>Formaci\u00f3 expr\u00e9s per a opositors - Educaci\u00f3 infantil i prim\u00e0ria - Fundaci\u00f3 Les Voltes<\/title>\n<meta name=\"robots\" content=\"index, follow, max-snippet:-1, max-image-preview:large, max-video-preview:-1\" \/>\n<link rel=\"canonical\" href=\"https:\/\/lesvoltes.eu\/es\/cursos\/formacio-expres-per-a-opositors-educacio-infantil-i-primaria\/\" \/>\n<meta property=\"og:locale\" content=\"es_ES\" \/>\n<meta property=\"og:type\" content=\"article\" \/>\n<meta property=\"og:title\" content=\"Formaci\u00f3 expr\u00e9s per a opositors - Educaci\u00f3 infantil i prim\u00e0ria - Fundaci\u00f3 Les Voltes\" \/>\n<meta property=\"og:description\" content=\"Es tracta d\u2019un curs intensiu de quatre caps de setmana per tal de preparar la convocat\u00f2ria d\u2019oposicions del proper mes de juny, per a les especialitats d\u2019educaci\u00f3 infantil i educaci\u00f3 prim\u00e0ria.\" \/>\n<meta property=\"og:url\" content=\"https:\/\/lesvoltes.eu\/es\/cursos\/formacio-expres-per-a-opositors-educacio-infantil-i-primaria\/\" \/>\n<meta property=\"og:site_name\" content=\"Fundaci\u00f3 Les Voltes\" \/>\n<meta property=\"article:modified_time\" content=\"2025-10-24T07:00:49+00:00\" \/>\n<meta property=\"og:image\" content=\"https:\/\/lesvoltes.eu\/wp-content\/uploads\/2025\/10\/preparacio-oposicions-primaria-2022-ab06269d.jpeg\" \/>\n\t<meta property=\"og:image:width\" content=\"1024\" \/>\n\t<meta property=\"og:image:height\" content=\"576\" \/>\n\t<meta property=\"og:image:type\" content=\"image\/jpeg\" \/>\n<meta name=\"twitter:card\" content=\"summary_large_image\" \/>\n<script type=\"application\/ld+json\" class=\"yoast-schema-graph\">{\"@context\":\"https:\/\/schema.org\",\"@graph\":[{\"@type\":\"WebPage\",\"@id\":\"https:\/\/lesvoltes.eu\/es\/cursos\/formacio-expres-per-a-opositors-educacio-infantil-i-primaria\/\",\"url\":\"https:\/\/lesvoltes.eu\/es\/cursos\/formacio-expres-per-a-opositors-educacio-infantil-i-primaria\/\",\"name\":\"Formaci\u00f3 expr\u00e9s per a opositors - Educaci\u00f3 infantil i prim\u00e0ria - Fundaci\u00f3 Les Voltes\",\"isPartOf\":{\"@id\":\"https:\/\/lesvoltes.eu\/es\/#website\"},\"primaryImageOfPage\":{\"@id\":\"https:\/\/lesvoltes.eu\/es\/cursos\/formacio-expres-per-a-opositors-educacio-infantil-i-primaria\/#primaryimage\"},\"image\":{\"@id\":\"https:\/\/lesvoltes.eu\/es\/cursos\/formacio-expres-per-a-opositors-educacio-infantil-i-primaria\/#primaryimage\"},\"thumbnailUrl\":\"https:\/\/lesvoltes.eu\/wp-content\/uploads\/2025\/10\/preparacio-oposicions-primaria-2022-ab06269d.jpeg\",\"datePublished\":\"2025-10-24T06:45:48+00:00\",\"dateModified\":\"2025-10-24T07:00:49+00:00\",\"breadcrumb\":{\"@id\":\"https:\/\/lesvoltes.eu\/es\/cursos\/formacio-expres-per-a-opositors-educacio-infantil-i-primaria\/#breadcrumb\"},\"inLanguage\":\"es\",\"potentialAction\":[{\"@type\":\"ReadAction\",\"target\":[\"https:\/\/lesvoltes.eu\/es\/cursos\/formacio-expres-per-a-opositors-educacio-infantil-i-primaria\/\"]}]},{\"@type\":\"ImageObject\",\"inLanguage\":\"es\",\"@id\":\"https:\/\/lesvoltes.eu\/es\/cursos\/formacio-expres-per-a-opositors-educacio-infantil-i-primaria\/#primaryimage\",\"url\":\"https:\/\/lesvoltes.eu\/wp-content\/uploads\/2025\/10\/preparacio-oposicions-primaria-2022-ab06269d.jpeg\",\"contentUrl\":\"https:\/\/lesvoltes.eu\/wp-content\/uploads\/2025\/10\/preparacio-oposicions-primaria-2022-ab06269d.jpeg\",\"width\":1024,\"height\":576,\"caption\":\"Alumnes adults davant l'ordinador\"},{\"@type\":\"BreadcrumbList\",\"@id\":\"https:\/\/lesvoltes.eu\/es\/cursos\/formacio-expres-per-a-opositors-educacio-infantil-i-primaria\/#breadcrumb\",\"itemListElement\":[{\"@type\":\"ListItem\",\"position\":1,\"name\":\"Inici\",\"item\":\"https:\/\/lesvoltes.eu\/es\/inicio\/\"},{\"@type\":\"ListItem\",\"position\":2,\"name\":\"Cursos\",\"item\":\"https:\/\/lesvoltes.eu\/es\/cursos\/\"},{\"@type\":\"ListItem\",\"position\":3,\"name\":\"Formaci\u00f3 expr\u00e9s per a opositors &#8211; Educaci\u00f3 infantil i prim\u00e0ria\"}]},{\"@type\":\"WebSite\",\"@id\":\"https:\/\/lesvoltes.eu\/es\/#website\",\"url\":\"https:\/\/lesvoltes.eu\/es\/\",\"name\":\"Fundaci\u00f3 Les Voltes\",\"description\":\"El Pa\u00eds el fa la gent, nosaltres hi posem les eines.\",\"publisher\":{\"@id\":\"https:\/\/lesvoltes.eu\/es\/#organization\"},\"potentialAction\":[{\"@type\":\"SearchAction\",\"target\":{\"@type\":\"EntryPoint\",\"urlTemplate\":\"https:\/\/lesvoltes.eu\/es\/?s={search_term_string}\"},\"query-input\":{\"@type\":\"PropertyValueSpecification\",\"valueRequired\":true,\"valueName\":\"search_term_string\"}}],\"inLanguage\":\"es\"},{\"@type\":\"Organization\",\"@id\":\"https:\/\/lesvoltes.eu\/es\/#organization\",\"name\":\"Fundaci\u00f3 Les Voltes\",\"url\":\"https:\/\/lesvoltes.eu\/es\/\",\"logo\":{\"@type\":\"ImageObject\",\"inLanguage\":\"es\",\"@id\":\"https:\/\/lesvoltes.eu\/es\/#\/schema\/logo\/image\/\",\"url\":\"https:\/\/lesvoltes.eu\/wp-content\/uploads\/2025\/07\/favicon-les-voltes-girona.png\",\"contentUrl\":\"https:\/\/lesvoltes.eu\/wp-content\/uploads\/2025\/07\/favicon-les-voltes-girona.png\",\"width\":1407,\"height\":1406,\"caption\":\"Fundaci\u00f3 Les Voltes\"},\"image\":{\"@id\":\"https:\/\/lesvoltes.eu\/es\/#\/schema\/logo\/image\/\"}}]}<\/script>\n<!-- \/ Yoast SEO plugin. -->","yoast_head_json":{"title":"Formaci\u00f3 expr\u00e9s per a opositors - Educaci\u00f3 infantil i prim\u00e0ria - Fundaci\u00f3 Les Voltes","robots":{"index":"index","follow":"follow","max-snippet":"max-snippet:-1","max-image-preview":"max-image-preview:large","max-video-preview":"max-video-preview:-1"},"canonical":"https:\/\/lesvoltes.eu\/es\/cursos\/formacio-expres-per-a-opositors-educacio-infantil-i-primaria\/","og_locale":"es_ES","og_type":"article","og_title":"Formaci\u00f3 expr\u00e9s per a opositors - Educaci\u00f3 infantil i prim\u00e0ria - Fundaci\u00f3 Les Voltes","og_description":"Es tracta d\u2019un curs intensiu de quatre caps de setmana per tal de preparar la convocat\u00f2ria d\u2019oposicions del proper mes de juny, per a les especialitats d\u2019educaci\u00f3 infantil i educaci\u00f3 prim\u00e0ria.","og_url":"https:\/\/lesvoltes.eu\/es\/cursos\/formacio-expres-per-a-opositors-educacio-infantil-i-primaria\/","og_site_name":"Fundaci\u00f3 Les Voltes","article_modified_time":"2025-10-24T07:00:49+00:00","og_image":[{"width":1024,"height":576,"url":"https:\/\/lesvoltes.eu\/wp-content\/uploads\/2025\/10\/preparacio-oposicions-primaria-2022-ab06269d.jpeg","type":"image\/jpeg"}],"twitter_card":"summary_large_image","schema":{"@context":"https:\/\/schema.org","@graph":[{"@type":"WebPage","@id":"https:\/\/lesvoltes.eu\/es\/cursos\/formacio-expres-per-a-opositors-educacio-infantil-i-primaria\/","url":"https:\/\/lesvoltes.eu\/es\/cursos\/formacio-expres-per-a-opositors-educacio-infantil-i-primaria\/","name":"Formaci\u00f3 expr\u00e9s per a opositors - Educaci\u00f3 infantil i prim\u00e0ria - Fundaci\u00f3 Les Voltes","isPartOf":{"@id":"https:\/\/lesvoltes.eu\/es\/#website"},"primaryImageOfPage":{"@id":"https:\/\/lesvoltes.eu\/es\/cursos\/formacio-expres-per-a-opositors-educacio-infantil-i-primaria\/#primaryimage"},"image":{"@id":"https:\/\/lesvoltes.eu\/es\/cursos\/formacio-expres-per-a-opositors-educacio-infantil-i-primaria\/#primaryimage"},"thumbnailUrl":"https:\/\/lesvoltes.eu\/wp-content\/uploads\/2025\/10\/preparacio-oposicions-primaria-2022-ab06269d.jpeg","datePublished":"2025-10-24T06:45:48+00:00","dateModified":"2025-10-24T07:00:49+00:00","breadcrumb":{"@id":"https:\/\/lesvoltes.eu\/es\/cursos\/formacio-expres-per-a-opositors-educacio-infantil-i-primaria\/#breadcrumb"},"inLanguage":"es","potentialAction":[{"@type":"ReadAction","target":["https:\/\/lesvoltes.eu\/es\/cursos\/formacio-expres-per-a-opositors-educacio-infantil-i-primaria\/"]}]},{"@type":"ImageObject","inLanguage":"es","@id":"https:\/\/lesvoltes.eu\/es\/cursos\/formacio-expres-per-a-opositors-educacio-infantil-i-primaria\/#primaryimage","url":"https:\/\/lesvoltes.eu\/wp-content\/uploads\/2025\/10\/preparacio-oposicions-primaria-2022-ab06269d.jpeg","contentUrl":"https:\/\/lesvoltes.eu\/wp-content\/uploads\/2025\/10\/preparacio-oposicions-primaria-2022-ab06269d.jpeg","width":1024,"height":576,"caption":"Alumnes adults davant l'ordinador"},{"@type":"BreadcrumbList","@id":"https:\/\/lesvoltes.eu\/es\/cursos\/formacio-expres-per-a-opositors-educacio-infantil-i-primaria\/#breadcrumb","itemListElement":[{"@type":"ListItem","position":1,"name":"Inici","item":"https:\/\/lesvoltes.eu\/es\/inicio\/"},{"@type":"ListItem","position":2,"name":"Cursos","item":"https:\/\/lesvoltes.eu\/es\/cursos\/"},{"@type":"ListItem","position":3,"name":"Formaci\u00f3 expr\u00e9s per a opositors &#8211; Educaci\u00f3 infantil i prim\u00e0ria"}]},{"@type":"WebSite","@id":"https:\/\/lesvoltes.eu\/es\/#website","url":"https:\/\/lesvoltes.eu\/es\/","name":"Fundaci\u00f3 Les Voltes","description":"El Pa\u00eds el fa la gent, nosaltres hi posem les eines.","publisher":{"@id":"https:\/\/lesvoltes.eu\/es\/#organization"},"potentialAction":[{"@type":"SearchAction","target":{"@type":"EntryPoint","urlTemplate":"https:\/\/lesvoltes.eu\/es\/?s={search_term_string}"},"query-input":{"@type":"PropertyValueSpecification","valueRequired":true,"valueName":"search_term_string"}}],"inLanguage":"es"},{"@type":"Organization","@id":"https:\/\/lesvoltes.eu\/es\/#organization","name":"Fundaci\u00f3 Les Voltes","url":"https:\/\/lesvoltes.eu\/es\/","logo":{"@type":"ImageObject","inLanguage":"es","@id":"https:\/\/lesvoltes.eu\/es\/#\/schema\/logo\/image\/","url":"https:\/\/lesvoltes.eu\/wp-content\/uploads\/2025\/07\/favicon-les-voltes-girona.png","contentUrl":"https:\/\/lesvoltes.eu\/wp-content\/uploads\/2025\/07\/favicon-les-voltes-girona.png","width":1407,"height":1406,"caption":"Fundaci\u00f3 Les Voltes"},"image":{"@id":"https:\/\/lesvoltes.eu\/es\/#\/schema\/logo\/image\/"}}]}},"_links":{"self":[{"href":"https:\/\/lesvoltes.eu\/es\/wp-json\/wp\/v2\/cursos\/1448","targetHints":{"allow":["GET"]}}],"collection":[{"href":"https:\/\/lesvoltes.eu\/es\/wp-json\/wp\/v2\/cursos"}],"about":[{"href":"https:\/\/lesvoltes.eu\/es\/wp-json\/wp\/v2\/types\/cursos"}],"wp:featuredmedia":[{"embeddable":true,"href":"https:\/\/lesvoltes.eu\/es\/wp-json\/wp\/v2\/media\/1449"}],"wp:attachment":[{"href":"https:\/\/lesvoltes.eu\/es\/wp-json\/wp\/v2\/media?parent=1448"}],"curies":[{"name":"wp","href":"https:\/\/api.w.org\/{rel}","templated":true}]}}

Formació exprés per a opositors &#8211; Educació infantil i primària

<p>Es tracta d’un curs intensiu de quatre caps de setmana per tal de preparar la convocatòria d’oposicions del proper mes de juny, per a les especialitats d’educació infantil i educació primària.</p>

<!-- This site is optimized with the Yoast SEO plugin v26.9 - https://yoast.com/product/yoast-seo-wordpress/ -->
<title>Formació exprés per a opositors - Educació infantil i primària - Fundació Les Voltes</title>
<meta name="robots" content="index, follow, max-snippet:-1, max-image-preview:large, max-video-preview:-1" />
<link rel="canonical" href="https://lesvoltes.eu/es/cursos/formacio-expres-per-a-opositors-educacio-infantil-i-primaria/" />
<meta property="og:locale" content="es_ES" />
<meta property="og:type" content="article" />
<meta property="og:title" content="Formació exprés per a opositors - Educació infantil i primària - Fundació Les Voltes" />
<meta property="og:description" content="Es tracta d’un curs intensiu de quatre caps de setmana per tal de preparar la convocatòria d’oposicions del proper mes de juny, per a les especialitats d’educació infantil i educació primària." />
<meta property="og:url" content="https://lesvoltes.eu/es/cursos/formacio-expres-per-a-opositors-educacio-infantil-i-primaria/" />
<meta property="og:site_name" content="Fundació Les Voltes" />
<meta property="article:modified_time" content="2025-10-24T07:00:49+00:00" />
<meta property="og:image" content="https://lesvoltes.eu/wp-content/uploads/2025/10/preparacio-oposicions-primaria-2022-ab06269d.jpeg" />
	<meta property="og:image:width" content="1024" />
	<meta property="og:image:height" content="576" />
	<meta property="og:image:type" content="image/jpeg" />
<meta name="twitter:card" content="summary_large_image" />
<script type="application/ld+json" class="yoast-schema-graph">{"@context":"https://schema.org","@graph":[{"@type":"WebPage","@id":"https://lesvoltes.eu/es/cursos/formacio-expres-per-a-opositors-educacio-infantil-i-primaria/","url":"https://lesvoltes.eu/es/cursos/formacio-expres-per-a-opositors-educacio-infantil-i-primaria/","name":"Formació exprés per a opositors - Educació infantil i primària - Fundació Les Voltes","isPartOf":{"@id":"https://lesvoltes.eu/es/#website"},"primaryImageOfPage":{"@id":"https://lesvoltes.eu/es/cursos/formacio-expres-per-a-opositors-educacio-infantil-i-primaria/#primaryimage"},"image":{"@id":"https://lesvoltes.eu/es/cursos/formacio-expres-per-a-opositors-educacio-infantil-i-primaria/#primaryimage"},"thumbnailUrl":"https://lesvoltes.eu/wp-content/uploads/2025/10/preparacio-oposicions-primaria-2022-ab06269d.jpeg","datePublished":"2025-10-24T06:45:48+00:00","dateModified":"2025-10-24T07:00:49+00:00","breadcrumb":{"@id":"https://lesvoltes.eu/es/cursos/formacio-expres-per-a-opositors-educacio-infantil-i-primaria/#breadcrumb"},"inLanguage":"es","potentialAction":[{"@type":"ReadAction","target":["https://lesvoltes.eu/es/cursos/formacio-expres-per-a-opositors-educacio-infantil-i-primaria/"]}]},{"@type":"ImageObject","inLanguage":"es","@id":"https://lesvoltes.eu/es/cursos/formacio-expres-per-a-opositors-educacio-infantil-i-primaria/#primaryimage","url":"https://lesvoltes.eu/wp-content/uploads/2025/10/preparacio-oposicions-primaria-2022-ab06269d.jpeg","contentUrl":"https://lesvoltes.eu/wp-content/uploads/2025/10/preparacio-oposicions-primaria-2022-ab06269d.jpeg","width":1024,"height":576,"caption":"Alumnes adults davant l'ordinador"},{"@type":"BreadcrumbList","@id":"https://lesvoltes.eu/es/cursos/formacio-expres-per-a-opositors-educacio-infantil-i-primaria/#breadcrumb","itemListElement":[{"@type":"ListItem","position":1,"name":"Inici","item":"https://lesvoltes.eu/es/inicio/"},{"@type":"ListItem","position":2,"name":"Cursos","item":"https://lesvoltes.eu/es/cursos/"},{"@type":"ListItem","position":3,"name":"Formació exprés per a opositors &#8211; Educació infantil i primària"}]},{"@type":"WebSite","@id":"https://lesvoltes.eu/es/#website","url":"https://lesvoltes.eu/es/","name":"Fundació Les Voltes","description":"El País el fa la gent, nosaltres hi posem les eines.","publisher":{"@id":"https://lesvoltes.eu/es/#organization"},"potentialAction":[{"@type":"SearchAction","target":{"@type":"EntryPoint","urlTemplate":"https://lesvoltes.eu/es/?s={search_term_string}"},"query-input":{"@type":"PropertyValueSpecification","valueRequired":true,"valueName":"search_term_string"}}],"inLanguage":"es"},{"@type":"Organization","@id":"https://lesvoltes.eu/es/#organization","name":"Fundació Les Voltes","url":"https://lesvoltes.eu/es/","logo":{"@type":"ImageObject","inLanguage":"es","@id":"https://lesvoltes.eu/es/#/schema/logo/image/","url":"https://lesvoltes.eu/wp-content/uploads/2025/07/favicon-les-voltes-girona.png","contentUrl":"https://lesvoltes.eu/wp-content/uploads/2025/07/favicon-les-voltes-girona.png","width":1407,"height":1406,"caption":"Fundació Les Voltes"},"image":{"@id":"https://lesvoltes.eu/es/#/schema/logo/image/"}}]}</script>
<!-- / Yoast SEO plugin. -->

Formació exprés per a opositors - Educació infantil i primària - Fundació Les Voltes

Es tracta d’un curs intensiu de quatre caps de setmana per tal de preparar la convocatòria d’oposicions del proper mes de juny, per a les especialitats d’educació infantil i educació primària.

Fundació Les Voltes

El País el fa la gent, nosaltres hi posem les eines.
