{"id":1455,"date":"2025-10-24T09:17:07","date_gmt":"2025-10-24T07:17:07","guid":{"rendered":"https:\/\/lesvoltes.eu\/?post_type=cursos&#038;p=1455"},"modified":"2025-10-24T09:22:43","modified_gmt":"2025-10-24T07:22:43","slug":"la-mort-el-dol-i-les-perdues-en-els-centres-educatius","status":"publish","type":"cursos","link":"https:\/\/lesvoltes.eu\/es\/cursos\/la-mort-el-dol-i-les-perdues-en-els-centres-educatius\/","title":{"rendered":"La mort, el dol i les p\u00e8rdues en els centres educatius"},"content":{"rendered":"\n<p>La formaci\u00f3 es pot adaptar segons les necessitats del claustre. \u00c9s molt important per als professionals de l&#8217;educaci\u00f3 disposar de pautes de reflexi\u00f3, orientacions i recursos per poder acollir i acompanyar els processos de dol que viuen els infants i adolescents, i tamb\u00e9 per afrontar col\u00b7lectivament situacions de dol al centre educatiu.<\/p>\n","protected":false},"featured_media":1456,"template":"","class_list":["post-1455","cursos","type-cursos","status-publish","has-post-thumbnail","hentry"],"yoast_head":"<!-- This site is optimized with the Yoast SEO plugin v26.9 - https:\/\/yoast.com\/product\/yoast-seo-wordpress\/ -->\n<title>La mort, el dol i les p\u00e8rdues en els centres educatius - Fundaci\u00f3 Les Voltes<\/title>\n<meta name=\"robots\" content=\"index, follow, max-snippet:-1, max-image-preview:large, max-video-preview:-1\" \/>\n<link rel=\"canonical\" href=\"https:\/\/lesvoltes.eu\/es\/cursos\/la-mort-el-dol-i-les-perdues-en-els-centres-educatius\/\" \/>\n<meta property=\"og:locale\" content=\"es_ES\" \/>\n<meta property=\"og:type\" content=\"article\" \/>\n<meta property=\"og:title\" content=\"La mort, el dol i les p\u00e8rdues en els centres educatius - Fundaci\u00f3 Les Voltes\" \/>\n<meta property=\"og:description\" content=\"La formaci\u00f3 es pot adaptar segons les necessitats del claustre. \u00c9s molt important per als professionals de l&#8217;educaci\u00f3 disposar de pautes de reflexi\u00f3, orientacions i recursos per poder acollir i acompanyar els processos de dol que viuen els infants i adolescents, i tamb\u00e9 per afrontar col\u00b7lectivament situacions de dol al centre educatiu.\" \/>\n<meta property=\"og:url\" content=\"https:\/\/lesvoltes.eu\/es\/cursos\/la-mort-el-dol-i-les-perdues-en-els-centres-educatius\/\" \/>\n<meta property=\"og:site_name\" content=\"Fundaci\u00f3 Les Voltes\" \/>\n<meta property=\"article:modified_time\" content=\"2025-10-24T07:22:43+00:00\" \/>\n<meta property=\"og:image\" content=\"https:\/\/lesvoltes.eu\/wp-content\/uploads\/2025\/10\/dol-escola-fb5ef1a3.jpeg\" \/>\n\t<meta property=\"og:image:width\" content=\"1024\" \/>\n\t<meta property=\"og:image:height\" content=\"576\" \/>\n\t<meta property=\"og:image:type\" content=\"image\/jpeg\" \/>\n<meta name=\"twitter:card\" content=\"summary_large_image\" \/>\n<script type=\"application\/ld+json\" class=\"yoast-schema-graph\">{\"@context\":\"https:\/\/schema.org\",\"@graph\":[{\"@type\":\"WebPage\",\"@id\":\"https:\/\/lesvoltes.eu\/es\/cursos\/la-mort-el-dol-i-les-perdues-en-els-centres-educatius\/\",\"url\":\"https:\/\/lesvoltes.eu\/es\/cursos\/la-mort-el-dol-i-les-perdues-en-els-centres-educatius\/\",\"name\":\"La mort, el dol i les p\u00e8rdues en els centres educatius - Fundaci\u00f3 Les Voltes\",\"isPartOf\":{\"@id\":\"https:\/\/lesvoltes.eu\/es\/#website\"},\"primaryImageOfPage\":{\"@id\":\"https:\/\/lesvoltes.eu\/es\/cursos\/la-mort-el-dol-i-les-perdues-en-els-centres-educatius\/#primaryimage\"},\"image\":{\"@id\":\"https:\/\/lesvoltes.eu\/es\/cursos\/la-mort-el-dol-i-les-perdues-en-els-centres-educatius\/#primaryimage\"},\"thumbnailUrl\":\"https:\/\/lesvoltes.eu\/wp-content\/uploads\/2025\/10\/dol-escola-fb5ef1a3.jpeg\",\"datePublished\":\"2025-10-24T07:17:07+00:00\",\"dateModified\":\"2025-10-24T07:22:43+00:00\",\"breadcrumb\":{\"@id\":\"https:\/\/lesvoltes.eu\/es\/cursos\/la-mort-el-dol-i-les-perdues-en-els-centres-educatius\/#breadcrumb\"},\"inLanguage\":\"es\",\"potentialAction\":[{\"@type\":\"ReadAction\",\"target\":[\"https:\/\/lesvoltes.eu\/es\/cursos\/la-mort-el-dol-i-les-perdues-en-els-centres-educatius\/\"]}]},{\"@type\":\"ImageObject\",\"inLanguage\":\"es\",\"@id\":\"https:\/\/lesvoltes.eu\/es\/cursos\/la-mort-el-dol-i-les-perdues-en-els-centres-educatius\/#primaryimage\",\"url\":\"https:\/\/lesvoltes.eu\/wp-content\/uploads\/2025\/10\/dol-escola-fb5ef1a3.jpeg\",\"contentUrl\":\"https:\/\/lesvoltes.eu\/wp-content\/uploads\/2025\/10\/dol-escola-fb5ef1a3.jpeg\",\"width\":1024,\"height\":576,\"caption\":\"Nena plorant\"},{\"@type\":\"BreadcrumbList\",\"@id\":\"https:\/\/lesvoltes.eu\/es\/cursos\/la-mort-el-dol-i-les-perdues-en-els-centres-educatius\/#breadcrumb\",\"itemListElement\":[{\"@type\":\"ListItem\",\"position\":1,\"name\":\"Inici\",\"item\":\"https:\/\/lesvoltes.eu\/es\/inicio\/\"},{\"@type\":\"ListItem\",\"position\":2,\"name\":\"Cursos\",\"item\":\"https:\/\/lesvoltes.eu\/es\/cursos\/\"},{\"@type\":\"ListItem\",\"position\":3,\"name\":\"La mort, el dol i les p\u00e8rdues en els centres educatius\"}]},{\"@type\":\"WebSite\",\"@id\":\"https:\/\/lesvoltes.eu\/es\/#website\",\"url\":\"https:\/\/lesvoltes.eu\/es\/\",\"name\":\"Fundaci\u00f3 Les Voltes\",\"description\":\"El Pa\u00eds el fa la gent, nosaltres hi posem les eines.\",\"publisher\":{\"@id\":\"https:\/\/lesvoltes.eu\/es\/#organization\"},\"potentialAction\":[{\"@type\":\"SearchAction\",\"target\":{\"@type\":\"EntryPoint\",\"urlTemplate\":\"https:\/\/lesvoltes.eu\/es\/?s={search_term_string}\"},\"query-input\":{\"@type\":\"PropertyValueSpecification\",\"valueRequired\":true,\"valueName\":\"search_term_string\"}}],\"inLanguage\":\"es\"},{\"@type\":\"Organization\",\"@id\":\"https:\/\/lesvoltes.eu\/es\/#organization\",\"name\":\"Fundaci\u00f3 Les Voltes\",\"url\":\"https:\/\/lesvoltes.eu\/es\/\",\"logo\":{\"@type\":\"ImageObject\",\"inLanguage\":\"es\",\"@id\":\"https:\/\/lesvoltes.eu\/es\/#\/schema\/logo\/image\/\",\"url\":\"https:\/\/lesvoltes.eu\/wp-content\/uploads\/2025\/07\/favicon-les-voltes-girona.png\",\"contentUrl\":\"https:\/\/lesvoltes.eu\/wp-content\/uploads\/2025\/07\/favicon-les-voltes-girona.png\",\"width\":1407,\"height\":1406,\"caption\":\"Fundaci\u00f3 Les Voltes\"},\"image\":{\"@id\":\"https:\/\/lesvoltes.eu\/es\/#\/schema\/logo\/image\/\"}}]}<\/script>\n<!-- \/ Yoast SEO plugin. -->","yoast_head_json":{"title":"La mort, el dol i les p\u00e8rdues en els centres educatius - Fundaci\u00f3 Les Voltes","robots":{"index":"index","follow":"follow","max-snippet":"max-snippet:-1","max-image-preview":"max-image-preview:large","max-video-preview":"max-video-preview:-1"},"canonical":"https:\/\/lesvoltes.eu\/es\/cursos\/la-mort-el-dol-i-les-perdues-en-els-centres-educatius\/","og_locale":"es_ES","og_type":"article","og_title":"La mort, el dol i les p\u00e8rdues en els centres educatius - Fundaci\u00f3 Les Voltes","og_description":"La formaci\u00f3 es pot adaptar segons les necessitats del claustre. \u00c9s molt important per als professionals de l&#8217;educaci\u00f3 disposar de pautes de reflexi\u00f3, orientacions i recursos per poder acollir i acompanyar els processos de dol que viuen els infants i adolescents, i tamb\u00e9 per afrontar col\u00b7lectivament situacions de dol al centre educatiu.","og_url":"https:\/\/lesvoltes.eu\/es\/cursos\/la-mort-el-dol-i-les-perdues-en-els-centres-educatius\/","og_site_name":"Fundaci\u00f3 Les Voltes","article_modified_time":"2025-10-24T07:22:43+00:00","og_image":[{"width":1024,"height":576,"url":"https:\/\/lesvoltes.eu\/wp-content\/uploads\/2025\/10\/dol-escola-fb5ef1a3.jpeg","type":"image\/jpeg"}],"twitter_card":"summary_large_image","schema":{"@context":"https:\/\/schema.org","@graph":[{"@type":"WebPage","@id":"https:\/\/lesvoltes.eu\/es\/cursos\/la-mort-el-dol-i-les-perdues-en-els-centres-educatius\/","url":"https:\/\/lesvoltes.eu\/es\/cursos\/la-mort-el-dol-i-les-perdues-en-els-centres-educatius\/","name":"La mort, el dol i les p\u00e8rdues en els centres educatius - Fundaci\u00f3 Les Voltes","isPartOf":{"@id":"https:\/\/lesvoltes.eu\/es\/#website"},"primaryImageOfPage":{"@id":"https:\/\/lesvoltes.eu\/es\/cursos\/la-mort-el-dol-i-les-perdues-en-els-centres-educatius\/#primaryimage"},"image":{"@id":"https:\/\/lesvoltes.eu\/es\/cursos\/la-mort-el-dol-i-les-perdues-en-els-centres-educatius\/#primaryimage"},"thumbnailUrl":"https:\/\/lesvoltes.eu\/wp-content\/uploads\/2025\/10\/dol-escola-fb5ef1a3.jpeg","datePublished":"2025-10-24T07:17:07+00:00","dateModified":"2025-10-24T07:22:43+00:00","breadcrumb":{"@id":"https:\/\/lesvoltes.eu\/es\/cursos\/la-mort-el-dol-i-les-perdues-en-els-centres-educatius\/#breadcrumb"},"inLanguage":"es","potentialAction":[{"@type":"ReadAction","target":["https:\/\/lesvoltes.eu\/es\/cursos\/la-mort-el-dol-i-les-perdues-en-els-centres-educatius\/"]}]},{"@type":"ImageObject","inLanguage":"es","@id":"https:\/\/lesvoltes.eu\/es\/cursos\/la-mort-el-dol-i-les-perdues-en-els-centres-educatius\/#primaryimage","url":"https:\/\/lesvoltes.eu\/wp-content\/uploads\/2025\/10\/dol-escola-fb5ef1a3.jpeg","contentUrl":"https:\/\/lesvoltes.eu\/wp-content\/uploads\/2025\/10\/dol-escola-fb5ef1a3.jpeg","width":1024,"height":576,"caption":"Nena plorant"},{"@type":"BreadcrumbList","@id":"https:\/\/lesvoltes.eu\/es\/cursos\/la-mort-el-dol-i-les-perdues-en-els-centres-educatius\/#breadcrumb","itemListElement":[{"@type":"ListItem","position":1,"name":"Inici","item":"https:\/\/lesvoltes.eu\/es\/inicio\/"},{"@type":"ListItem","position":2,"name":"Cursos","item":"https:\/\/lesvoltes.eu\/es\/cursos\/"},{"@type":"ListItem","position":3,"name":"La mort, el dol i les p\u00e8rdues en els centres educatius"}]},{"@type":"WebSite","@id":"https:\/\/lesvoltes.eu\/es\/#website","url":"https:\/\/lesvoltes.eu\/es\/","name":"Fundaci\u00f3 Les Voltes","description":"El Pa\u00eds el fa la gent, nosaltres hi posem les eines.","publisher":{"@id":"https:\/\/lesvoltes.eu\/es\/#organization"},"potentialAction":[{"@type":"SearchAction","target":{"@type":"EntryPoint","urlTemplate":"https:\/\/lesvoltes.eu\/es\/?s={search_term_string}"},"query-input":{"@type":"PropertyValueSpecification","valueRequired":true,"valueName":"search_term_string"}}],"inLanguage":"es"},{"@type":"Organization","@id":"https:\/\/lesvoltes.eu\/es\/#organization","name":"Fundaci\u00f3 Les Voltes","url":"https:\/\/lesvoltes.eu\/es\/","logo":{"@type":"ImageObject","inLanguage":"es","@id":"https:\/\/lesvoltes.eu\/es\/#\/schema\/logo\/image\/","url":"https:\/\/lesvoltes.eu\/wp-content\/uploads\/2025\/07\/favicon-les-voltes-girona.png","contentUrl":"https:\/\/lesvoltes.eu\/wp-content\/uploads\/2025\/07\/favicon-les-voltes-girona.png","width":1407,"height":1406,"caption":"Fundaci\u00f3 Les Voltes"},"image":{"@id":"https:\/\/lesvoltes.eu\/es\/#\/schema\/logo\/image\/"}}]}},"_links":{"self":[{"href":"https:\/\/lesvoltes.eu\/es\/wp-json\/wp\/v2\/cursos\/1455","targetHints":{"allow":["GET"]}}],"collection":[{"href":"https:\/\/lesvoltes.eu\/es\/wp-json\/wp\/v2\/cursos"}],"about":[{"href":"https:\/\/lesvoltes.eu\/es\/wp-json\/wp\/v2\/types\/cursos"}],"wp:featuredmedia":[{"embeddable":true,"href":"https:\/\/lesvoltes.eu\/es\/wp-json\/wp\/v2\/media\/1456"}],"wp:attachment":[{"href":"https:\/\/lesvoltes.eu\/es\/wp-json\/wp\/v2\/media?parent=1455"}],"curies":[{"name":"wp","href":"https:\/\/api.w.org\/{rel}","templated":true}]}}

La mort, el dol i les pèrdues en els centres educatius

<p>La formació es pot adaptar segons les necessitats del claustre. És molt important per als professionals de l&#8217;educació disposar de pautes de reflexió, orientacions i recursos per poder acollir i acompanyar els processos de dol que viuen els infants i adolescents, i també per afrontar col·lectivament situacions de dol al centre educatiu.</p>

<!-- This site is optimized with the Yoast SEO plugin v26.9 - https://yoast.com/product/yoast-seo-wordpress/ -->
<title>La mort, el dol i les pèrdues en els centres educatius - Fundació Les Voltes</title>
<meta name="robots" content="index, follow, max-snippet:-1, max-image-preview:large, max-video-preview:-1" />
<link rel="canonical" href="https://lesvoltes.eu/es/cursos/la-mort-el-dol-i-les-perdues-en-els-centres-educatius/" />
<meta property="og:locale" content="es_ES" />
<meta property="og:type" content="article" />
<meta property="og:title" content="La mort, el dol i les pèrdues en els centres educatius - Fundació Les Voltes" />
<meta property="og:description" content="La formació es pot adaptar segons les necessitats del claustre. És molt important per als professionals de l&#8217;educació disposar de pautes de reflexió, orientacions i recursos per poder acollir i acompanyar els processos de dol que viuen els infants i adolescents, i també per afrontar col·lectivament situacions de dol al centre educatiu." />
<meta property="og:url" content="https://lesvoltes.eu/es/cursos/la-mort-el-dol-i-les-perdues-en-els-centres-educatius/" />
<meta property="og:site_name" content="Fundació Les Voltes" />
<meta property="article:modified_time" content="2025-10-24T07:22:43+00:00" />
<meta property="og:image" content="https://lesvoltes.eu/wp-content/uploads/2025/10/dol-escola-fb5ef1a3.jpeg" />
	<meta property="og:image:width" content="1024" />
	<meta property="og:image:height" content="576" />
	<meta property="og:image:type" content="image/jpeg" />
<meta name="twitter:card" content="summary_large_image" />
<script type="application/ld+json" class="yoast-schema-graph">{"@context":"https://schema.org","@graph":[{"@type":"WebPage","@id":"https://lesvoltes.eu/es/cursos/la-mort-el-dol-i-les-perdues-en-els-centres-educatius/","url":"https://lesvoltes.eu/es/cursos/la-mort-el-dol-i-les-perdues-en-els-centres-educatius/","name":"La mort, el dol i les pèrdues en els centres educatius - Fundació Les Voltes","isPartOf":{"@id":"https://lesvoltes.eu/es/#website"},"primaryImageOfPage":{"@id":"https://lesvoltes.eu/es/cursos/la-mort-el-dol-i-les-perdues-en-els-centres-educatius/#primaryimage"},"image":{"@id":"https://lesvoltes.eu/es/cursos/la-mort-el-dol-i-les-perdues-en-els-centres-educatius/#primaryimage"},"thumbnailUrl":"https://lesvoltes.eu/wp-content/uploads/2025/10/dol-escola-fb5ef1a3.jpeg","datePublished":"2025-10-24T07:17:07+00:00","dateModified":"2025-10-24T07:22:43+00:00","breadcrumb":{"@id":"https://lesvoltes.eu/es/cursos/la-mort-el-dol-i-les-perdues-en-els-centres-educatius/#breadcrumb"},"inLanguage":"es","potentialAction":[{"@type":"ReadAction","target":["https://lesvoltes.eu/es/cursos/la-mort-el-dol-i-les-perdues-en-els-centres-educatius/"]}]},{"@type":"ImageObject","inLanguage":"es","@id":"https://lesvoltes.eu/es/cursos/la-mort-el-dol-i-les-perdues-en-els-centres-educatius/#primaryimage","url":"https://lesvoltes.eu/wp-content/uploads/2025/10/dol-escola-fb5ef1a3.jpeg","contentUrl":"https://lesvoltes.eu/wp-content/uploads/2025/10/dol-escola-fb5ef1a3.jpeg","width":1024,"height":576,"caption":"Nena plorant"},{"@type":"BreadcrumbList","@id":"https://lesvoltes.eu/es/cursos/la-mort-el-dol-i-les-perdues-en-els-centres-educatius/#breadcrumb","itemListElement":[{"@type":"ListItem","position":1,"name":"Inici","item":"https://lesvoltes.eu/es/inicio/"},{"@type":"ListItem","position":2,"name":"Cursos","item":"https://lesvoltes.eu/es/cursos/"},{"@type":"ListItem","position":3,"name":"La mort, el dol i les pèrdues en els centres educatius"}]},{"@type":"WebSite","@id":"https://lesvoltes.eu/es/#website","url":"https://lesvoltes.eu/es/","name":"Fundació Les Voltes","description":"El País el fa la gent, nosaltres hi posem les eines.","publisher":{"@id":"https://lesvoltes.eu/es/#organization"},"potentialAction":[{"@type":"SearchAction","target":{"@type":"EntryPoint","urlTemplate":"https://lesvoltes.eu/es/?s={search_term_string}"},"query-input":{"@type":"PropertyValueSpecification","valueRequired":true,"valueName":"search_term_string"}}],"inLanguage":"es"},{"@type":"Organization","@id":"https://lesvoltes.eu/es/#organization","name":"Fundació Les Voltes","url":"https://lesvoltes.eu/es/","logo":{"@type":"ImageObject","inLanguage":"es","@id":"https://lesvoltes.eu/es/#/schema/logo/image/","url":"https://lesvoltes.eu/wp-content/uploads/2025/07/favicon-les-voltes-girona.png","contentUrl":"https://lesvoltes.eu/wp-content/uploads/2025/07/favicon-les-voltes-girona.png","width":1407,"height":1406,"caption":"Fundació Les Voltes"},"image":{"@id":"https://lesvoltes.eu/es/#/schema/logo/image/"}}]}</script>
<!-- / Yoast SEO plugin. -->

La mort, el dol i les pèrdues en els centres educatius - Fundació Les Voltes

La formació es pot adaptar segons les necessitats del claustre. És molt important per als professionals de l&#8217;educació disposar de pautes de reflexió, orientacions i recursos per poder acollir i acompanyar els processos de dol que viuen els infants i adolescents, i també per afrontar col·lectivament situacions de dol al centre educatiu.

Fundació Les Voltes

El País el fa la gent, nosaltres hi posem les eines.
