{"id":1475,"date":"2025-10-24T09:57:04","date_gmt":"2025-10-24T07:57:04","guid":{"rendered":"https:\/\/lesvoltes.eu\/?post_type=cursos&#038;p=1475"},"modified":"2025-10-24T09:57:05","modified_gmt":"2025-10-24T07:57:05","slug":"catala-c2","status":"publish","type":"cursos","link":"https:\/\/lesvoltes.eu\/es\/cursos\/catala-c2\/","title":{"rendered":"Catal\u00e0 C2"},"content":{"rendered":"\n<p>El nivell C2 de catal\u00e0 \u00e9s un nivell avan\u00e7at, que acredita compet\u00e8ncies i habilitats especialitzades en el domini de la llengua, tant pel que fa a la recepci\u00f3 i la gesti\u00f3 de la informaci\u00f3, com pel que fa a les produccions escrites i orals d\u2019un nivell alt de complexitat i un alt grau de formalitat, en situacions, registres i contextos diversos.<\/p>\n\n\n\n<p>El curs est\u00e0 destinat a persones amb un bon domini de la llengua que volen perfeccionar-ne l\u2019\u00fas i, especialment, a mestres i docents que necessiten acreditar el nivell C2 de catal\u00e0.<\/p>\n\n\n\n<p>Preparem tot el contingut i guiem per a que l&#8217;alumne pugui presentar-se a l&#8217;examen oficial, que organitzi la Generalitat.<\/p>\n","protected":false},"featured_media":1476,"template":"","class_list":["post-1475","cursos","type-cursos","status-publish","has-post-thumbnail","hentry"],"yoast_head":"<!-- This site is optimized with the Yoast SEO plugin v26.9 - https:\/\/yoast.com\/product\/yoast-seo-wordpress\/ -->\n<title>Catal\u00e0 C2 - Fundaci\u00f3 Les Voltes<\/title>\n<meta name=\"robots\" content=\"index, follow, max-snippet:-1, max-image-preview:large, max-video-preview:-1\" \/>\n<link rel=\"canonical\" href=\"https:\/\/lesvoltes.eu\/es\/cursos\/catala-c2\/\" \/>\n<meta property=\"og:locale\" content=\"es_ES\" \/>\n<meta property=\"og:type\" content=\"article\" \/>\n<meta property=\"og:title\" content=\"Catal\u00e0 C2 - Fundaci\u00f3 Les Voltes\" \/>\n<meta property=\"og:description\" content=\"El nivell C2 de catal\u00e0 \u00e9s un nivell avan\u00e7at, que acredita compet\u00e8ncies i habilitats especialitzades en el domini de la llengua, tant pel que fa a la recepci\u00f3 i la gesti\u00f3 de la informaci\u00f3, com pel que fa a les produccions escrites i orals d\u2019un nivell alt de complexitat i un alt grau de formalitat, [&hellip;]\" \/>\n<meta property=\"og:url\" content=\"https:\/\/lesvoltes.eu\/es\/cursos\/catala-c2\/\" \/>\n<meta property=\"og:site_name\" content=\"Fundaci\u00f3 Les Voltes\" \/>\n<meta property=\"article:modified_time\" content=\"2025-10-24T07:57:05+00:00\" \/>\n<meta property=\"og:image\" content=\"https:\/\/lesvoltes.eu\/wp-content\/uploads\/2025\/10\/curs-catala-c2-0259aa7c.jpeg\" \/>\n\t<meta property=\"og:image:width\" content=\"1920\" \/>\n\t<meta property=\"og:image:height\" content=\"1080\" \/>\n\t<meta property=\"og:image:type\" content=\"image\/jpeg\" \/>\n<meta name=\"twitter:card\" content=\"summary_large_image\" \/>\n<meta name=\"twitter:label1\" content=\"Tiempo de lectura\" \/>\n\t<meta name=\"twitter:data1\" content=\"1 minuto\" \/>\n<script type=\"application\/ld+json\" class=\"yoast-schema-graph\">{\"@context\":\"https:\/\/schema.org\",\"@graph\":[{\"@type\":\"WebPage\",\"@id\":\"https:\/\/lesvoltes.eu\/es\/cursos\/catala-c2\/\",\"url\":\"https:\/\/lesvoltes.eu\/es\/cursos\/catala-c2\/\",\"name\":\"Catal\u00e0 C2 - Fundaci\u00f3 Les Voltes\",\"isPartOf\":{\"@id\":\"https:\/\/lesvoltes.eu\/es\/#website\"},\"primaryImageOfPage\":{\"@id\":\"https:\/\/lesvoltes.eu\/es\/cursos\/catala-c2\/#primaryimage\"},\"image\":{\"@id\":\"https:\/\/lesvoltes.eu\/es\/cursos\/catala-c2\/#primaryimage\"},\"thumbnailUrl\":\"https:\/\/lesvoltes.eu\/wp-content\/uploads\/2025\/10\/curs-catala-c2-0259aa7c.jpeg\",\"datePublished\":\"2025-10-24T07:57:04+00:00\",\"dateModified\":\"2025-10-24T07:57:05+00:00\",\"breadcrumb\":{\"@id\":\"https:\/\/lesvoltes.eu\/es\/cursos\/catala-c2\/#breadcrumb\"},\"inLanguage\":\"es\",\"potentialAction\":[{\"@type\":\"ReadAction\",\"target\":[\"https:\/\/lesvoltes.eu\/es\/cursos\/catala-c2\/\"]}]},{\"@type\":\"ImageObject\",\"inLanguage\":\"es\",\"@id\":\"https:\/\/lesvoltes.eu\/es\/cursos\/catala-c2\/#primaryimage\",\"url\":\"https:\/\/lesvoltes.eu\/wp-content\/uploads\/2025\/10\/curs-catala-c2-0259aa7c.jpeg\",\"contentUrl\":\"https:\/\/lesvoltes.eu\/wp-content\/uploads\/2025\/10\/curs-catala-c2-0259aa7c.jpeg\",\"width\":1920,\"height\":1080,\"caption\":\"Vista de girona des de la muralla\"},{\"@type\":\"BreadcrumbList\",\"@id\":\"https:\/\/lesvoltes.eu\/es\/cursos\/catala-c2\/#breadcrumb\",\"itemListElement\":[{\"@type\":\"ListItem\",\"position\":1,\"name\":\"Inici\",\"item\":\"https:\/\/lesvoltes.eu\/es\/inicio\/\"},{\"@type\":\"ListItem\",\"position\":2,\"name\":\"Cursos\",\"item\":\"https:\/\/lesvoltes.eu\/es\/cursos\/\"},{\"@type\":\"ListItem\",\"position\":3,\"name\":\"Catal\u00e0 C2\"}]},{\"@type\":\"WebSite\",\"@id\":\"https:\/\/lesvoltes.eu\/es\/#website\",\"url\":\"https:\/\/lesvoltes.eu\/es\/\",\"name\":\"Fundaci\u00f3 Les Voltes\",\"description\":\"El Pa\u00eds el fa la gent, nosaltres hi posem les eines.\",\"publisher\":{\"@id\":\"https:\/\/lesvoltes.eu\/es\/#organization\"},\"potentialAction\":[{\"@type\":\"SearchAction\",\"target\":{\"@type\":\"EntryPoint\",\"urlTemplate\":\"https:\/\/lesvoltes.eu\/es\/?s={search_term_string}\"},\"query-input\":{\"@type\":\"PropertyValueSpecification\",\"valueRequired\":true,\"valueName\":\"search_term_string\"}}],\"inLanguage\":\"es\"},{\"@type\":\"Organization\",\"@id\":\"https:\/\/lesvoltes.eu\/es\/#organization\",\"name\":\"Fundaci\u00f3 Les Voltes\",\"url\":\"https:\/\/lesvoltes.eu\/es\/\",\"logo\":{\"@type\":\"ImageObject\",\"inLanguage\":\"es\",\"@id\":\"https:\/\/lesvoltes.eu\/es\/#\/schema\/logo\/image\/\",\"url\":\"https:\/\/lesvoltes.eu\/wp-content\/uploads\/2025\/07\/favicon-les-voltes-girona.png\",\"contentUrl\":\"https:\/\/lesvoltes.eu\/wp-content\/uploads\/2025\/07\/favicon-les-voltes-girona.png\",\"width\":1407,\"height\":1406,\"caption\":\"Fundaci\u00f3 Les Voltes\"},\"image\":{\"@id\":\"https:\/\/lesvoltes.eu\/es\/#\/schema\/logo\/image\/\"}}]}<\/script>\n<!-- \/ Yoast SEO plugin. -->","yoast_head_json":{"title":"Catal\u00e0 C2 - Fundaci\u00f3 Les Voltes","robots":{"index":"index","follow":"follow","max-snippet":"max-snippet:-1","max-image-preview":"max-image-preview:large","max-video-preview":"max-video-preview:-1"},"canonical":"https:\/\/lesvoltes.eu\/es\/cursos\/catala-c2\/","og_locale":"es_ES","og_type":"article","og_title":"Catal\u00e0 C2 - Fundaci\u00f3 Les Voltes","og_description":"El nivell C2 de catal\u00e0 \u00e9s un nivell avan\u00e7at, que acredita compet\u00e8ncies i habilitats especialitzades en el domini de la llengua, tant pel que fa a la recepci\u00f3 i la gesti\u00f3 de la informaci\u00f3, com pel que fa a les produccions escrites i orals d\u2019un nivell alt de complexitat i un alt grau de formalitat, [&hellip;]","og_url":"https:\/\/lesvoltes.eu\/es\/cursos\/catala-c2\/","og_site_name":"Fundaci\u00f3 Les Voltes","article_modified_time":"2025-10-24T07:57:05+00:00","og_image":[{"width":1920,"height":1080,"url":"https:\/\/lesvoltes.eu\/wp-content\/uploads\/2025\/10\/curs-catala-c2-0259aa7c.jpeg","type":"image\/jpeg"}],"twitter_card":"summary_large_image","twitter_misc":{"Tiempo de lectura":"1 minuto"},"schema":{"@context":"https:\/\/schema.org","@graph":[{"@type":"WebPage","@id":"https:\/\/lesvoltes.eu\/es\/cursos\/catala-c2\/","url":"https:\/\/lesvoltes.eu\/es\/cursos\/catala-c2\/","name":"Catal\u00e0 C2 - Fundaci\u00f3 Les Voltes","isPartOf":{"@id":"https:\/\/lesvoltes.eu\/es\/#website"},"primaryImageOfPage":{"@id":"https:\/\/lesvoltes.eu\/es\/cursos\/catala-c2\/#primaryimage"},"image":{"@id":"https:\/\/lesvoltes.eu\/es\/cursos\/catala-c2\/#primaryimage"},"thumbnailUrl":"https:\/\/lesvoltes.eu\/wp-content\/uploads\/2025\/10\/curs-catala-c2-0259aa7c.jpeg","datePublished":"2025-10-24T07:57:04+00:00","dateModified":"2025-10-24T07:57:05+00:00","breadcrumb":{"@id":"https:\/\/lesvoltes.eu\/es\/cursos\/catala-c2\/#breadcrumb"},"inLanguage":"es","potentialAction":[{"@type":"ReadAction","target":["https:\/\/lesvoltes.eu\/es\/cursos\/catala-c2\/"]}]},{"@type":"ImageObject","inLanguage":"es","@id":"https:\/\/lesvoltes.eu\/es\/cursos\/catala-c2\/#primaryimage","url":"https:\/\/lesvoltes.eu\/wp-content\/uploads\/2025\/10\/curs-catala-c2-0259aa7c.jpeg","contentUrl":"https:\/\/lesvoltes.eu\/wp-content\/uploads\/2025\/10\/curs-catala-c2-0259aa7c.jpeg","width":1920,"height":1080,"caption":"Vista de girona des de la muralla"},{"@type":"BreadcrumbList","@id":"https:\/\/lesvoltes.eu\/es\/cursos\/catala-c2\/#breadcrumb","itemListElement":[{"@type":"ListItem","position":1,"name":"Inici","item":"https:\/\/lesvoltes.eu\/es\/inicio\/"},{"@type":"ListItem","position":2,"name":"Cursos","item":"https:\/\/lesvoltes.eu\/es\/cursos\/"},{"@type":"ListItem","position":3,"name":"Catal\u00e0 C2"}]},{"@type":"WebSite","@id":"https:\/\/lesvoltes.eu\/es\/#website","url":"https:\/\/lesvoltes.eu\/es\/","name":"Fundaci\u00f3 Les Voltes","description":"El Pa\u00eds el fa la gent, nosaltres hi posem les eines.","publisher":{"@id":"https:\/\/lesvoltes.eu\/es\/#organization"},"potentialAction":[{"@type":"SearchAction","target":{"@type":"EntryPoint","urlTemplate":"https:\/\/lesvoltes.eu\/es\/?s={search_term_string}"},"query-input":{"@type":"PropertyValueSpecification","valueRequired":true,"valueName":"search_term_string"}}],"inLanguage":"es"},{"@type":"Organization","@id":"https:\/\/lesvoltes.eu\/es\/#organization","name":"Fundaci\u00f3 Les Voltes","url":"https:\/\/lesvoltes.eu\/es\/","logo":{"@type":"ImageObject","inLanguage":"es","@id":"https:\/\/lesvoltes.eu\/es\/#\/schema\/logo\/image\/","url":"https:\/\/lesvoltes.eu\/wp-content\/uploads\/2025\/07\/favicon-les-voltes-girona.png","contentUrl":"https:\/\/lesvoltes.eu\/wp-content\/uploads\/2025\/07\/favicon-les-voltes-girona.png","width":1407,"height":1406,"caption":"Fundaci\u00f3 Les Voltes"},"image":{"@id":"https:\/\/lesvoltes.eu\/es\/#\/schema\/logo\/image\/"}}]}},"_links":{"self":[{"href":"https:\/\/lesvoltes.eu\/es\/wp-json\/wp\/v2\/cursos\/1475","targetHints":{"allow":["GET"]}}],"collection":[{"href":"https:\/\/lesvoltes.eu\/es\/wp-json\/wp\/v2\/cursos"}],"about":[{"href":"https:\/\/lesvoltes.eu\/es\/wp-json\/wp\/v2\/types\/cursos"}],"wp:featuredmedia":[{"embeddable":true,"href":"https:\/\/lesvoltes.eu\/es\/wp-json\/wp\/v2\/media\/1476"}],"wp:attachment":[{"href":"https:\/\/lesvoltes.eu\/es\/wp-json\/wp\/v2\/media?parent=1475"}],"curies":[{"name":"wp","href":"https:\/\/api.w.org\/{rel}","templated":true}]}}

Català C2

<p>El nivell C2 de català és un nivell avançat, que acredita competències i habilitats especialitzades en el domini de la llengua, tant pel que fa a la recepció i la gestió de la informació, com pel que fa a les produccions escrites i orals d’un nivell alt de complexitat i un alt grau de formalitat, en situacions, registres i contextos diversos.</p>



<p>El curs està destinat a persones amb un bon domini de la llengua que volen perfeccionar-ne l’ús i, especialment, a mestres i docents que necessiten acreditar el nivell C2 de català.</p>



<p>Preparem tot el contingut i guiem per a que l&#8217;alumne pugui presentar-se a l&#8217;examen oficial, que organitzi la Generalitat.</p>

<!-- This site is optimized with the Yoast SEO plugin v26.9 - https://yoast.com/product/yoast-seo-wordpress/ -->
<title>Català C2 - Fundació Les Voltes</title>
<meta name="robots" content="index, follow, max-snippet:-1, max-image-preview:large, max-video-preview:-1" />
<link rel="canonical" href="https://lesvoltes.eu/es/cursos/catala-c2/" />
<meta property="og:locale" content="es_ES" />
<meta property="og:type" content="article" />
<meta property="og:title" content="Català C2 - Fundació Les Voltes" />
<meta property="og:description" content="El nivell C2 de català és un nivell avançat, que acredita competències i habilitats especialitzades en el domini de la llengua, tant pel que fa a la recepció i la gestió de la informació, com pel que fa a les produccions escrites i orals d’un nivell alt de complexitat i un alt grau de formalitat, [&hellip;]" />
<meta property="og:url" content="https://lesvoltes.eu/es/cursos/catala-c2/" />
<meta property="og:site_name" content="Fundació Les Voltes" />
<meta property="article:modified_time" content="2025-10-24T07:57:05+00:00" />
<meta property="og:image" content="https://lesvoltes.eu/wp-content/uploads/2025/10/curs-catala-c2-0259aa7c.jpeg" />
	<meta property="og:image:width" content="1920" />
	<meta property="og:image:height" content="1080" />
	<meta property="og:image:type" content="image/jpeg" />
<meta name="twitter:card" content="summary_large_image" />
<meta name="twitter:label1" content="Tiempo de lectura" />
	<meta name="twitter:data1" content="1 minuto" />
<script type="application/ld+json" class="yoast-schema-graph">{"@context":"https://schema.org","@graph":[{"@type":"WebPage","@id":"https://lesvoltes.eu/es/cursos/catala-c2/","url":"https://lesvoltes.eu/es/cursos/catala-c2/","name":"Català C2 - Fundació Les Voltes","isPartOf":{"@id":"https://lesvoltes.eu/es/#website"},"primaryImageOfPage":{"@id":"https://lesvoltes.eu/es/cursos/catala-c2/#primaryimage"},"image":{"@id":"https://lesvoltes.eu/es/cursos/catala-c2/#primaryimage"},"thumbnailUrl":"https://lesvoltes.eu/wp-content/uploads/2025/10/curs-catala-c2-0259aa7c.jpeg","datePublished":"2025-10-24T07:57:04+00:00","dateModified":"2025-10-24T07:57:05+00:00","breadcrumb":{"@id":"https://lesvoltes.eu/es/cursos/catala-c2/#breadcrumb"},"inLanguage":"es","potentialAction":[{"@type":"ReadAction","target":["https://lesvoltes.eu/es/cursos/catala-c2/"]}]},{"@type":"ImageObject","inLanguage":"es","@id":"https://lesvoltes.eu/es/cursos/catala-c2/#primaryimage","url":"https://lesvoltes.eu/wp-content/uploads/2025/10/curs-catala-c2-0259aa7c.jpeg","contentUrl":"https://lesvoltes.eu/wp-content/uploads/2025/10/curs-catala-c2-0259aa7c.jpeg","width":1920,"height":1080,"caption":"Vista de girona des de la muralla"},{"@type":"BreadcrumbList","@id":"https://lesvoltes.eu/es/cursos/catala-c2/#breadcrumb","itemListElement":[{"@type":"ListItem","position":1,"name":"Inici","item":"https://lesvoltes.eu/es/inicio/"},{"@type":"ListItem","position":2,"name":"Cursos","item":"https://lesvoltes.eu/es/cursos/"},{"@type":"ListItem","position":3,"name":"Català C2"}]},{"@type":"WebSite","@id":"https://lesvoltes.eu/es/#website","url":"https://lesvoltes.eu/es/","name":"Fundació Les Voltes","description":"El País el fa la gent, nosaltres hi posem les eines.","publisher":{"@id":"https://lesvoltes.eu/es/#organization"},"potentialAction":[{"@type":"SearchAction","target":{"@type":"EntryPoint","urlTemplate":"https://lesvoltes.eu/es/?s={search_term_string}"},"query-input":{"@type":"PropertyValueSpecification","valueRequired":true,"valueName":"search_term_string"}}],"inLanguage":"es"},{"@type":"Organization","@id":"https://lesvoltes.eu/es/#organization","name":"Fundació Les Voltes","url":"https://lesvoltes.eu/es/","logo":{"@type":"ImageObject","inLanguage":"es","@id":"https://lesvoltes.eu/es/#/schema/logo/image/","url":"https://lesvoltes.eu/wp-content/uploads/2025/07/favicon-les-voltes-girona.png","contentUrl":"https://lesvoltes.eu/wp-content/uploads/2025/07/favicon-les-voltes-girona.png","width":1407,"height":1406,"caption":"Fundació Les Voltes"},"image":{"@id":"https://lesvoltes.eu/es/#/schema/logo/image/"}}]}</script>
<!-- / Yoast SEO plugin. -->

Català C2 - Fundació Les Voltes

El nivell C2 de català és un nivell avançat, que acredita competències i habilitats especialitzades en el domini de la llengua, tant pel que fa a la recepció i la gestió de la informació, com pel que fa a les produccions escrites i orals d’un nivell alt de complexitat i un alt grau de formalitat, [&hellip;]

Fundació Les Voltes

El País el fa la gent, nosaltres hi posem les eines.
