{"id":1212,"date":"2025-07-30T10:32:46","date_gmt":"2025-07-30T08:32:46","guid":{"rendered":"https:\/\/lesvoltes.eu\/producte\/mercedes-y-juan\/"},"modified":"2025-07-31T11:24:41","modified_gmt":"2025-07-31T09:24:41","slug":"mercedes-y-juan","status":"publish","type":"product","link":"https:\/\/lesvoltes.eu\/es\/producte\/mercedes-y-juan\/","title":{"rendered":"Merc\u00e8 i Joan"},"content":{"rendered":"<p>La pol\u00e9mica historia de amor de Merc\u00e8 Rodoreda y Armand Obiols. Una novelista de treinta a\u00f1os, vital y con ganas de comerse el mundo. Un articulista extremadamente culto y mordaz. Y un escenario que se abre como un par\u00e9ntesis entre dos guerras: los jardines del Ch\u00e2teau de Roissy-en-Brie, donde coinciden escritores e intelectuales que huyen en 1939, como Joan Oliver, Anna Muri\u00e0, Francisco Trabal, Pere Calders&#8230; Todos los elementos parecen diponerse para que nazca de los amores literaria del pa\u00eds.<br \/>\n Merc\u00e8 Rodoreda y Armand Obiols se transforman en estas p\u00e1ginas en Merc\u00e8 y Joan, as\u00ed es como se llamaban el uno al otro. Su relaci\u00f3n, profunda y injertada de amor a la literatura, fue tan fuerte que les alej\u00f3 de sus propias familias y de muchos de sus amigos. A caballo de Par\u00eds, Burdeos y Limoges, Merc\u00e8 y Joan vivieron de lleno algunos de los episodios m\u00e1s estremecedores de la historia europea del siglo XX. Eva Comas-Arnal ha hecho de esta historia de amor una novela llena de vida.       <\/p>\n","protected":false},"excerpt":{"rendered":"<p>La pol\u00e9mica historia de amor de Merc\u00e8 Rodoreda y Armand Obiols. Una novelista de treinta a\u00f1os, vital y con ganas de comerse el mundo. Un articulista extremadamente culto y mordaz. Y un escenario que se abre como un par\u00e9ntesis entre dos guerras: los jardines del Ch\u00e2teau de Roissy-en-Brie, donde coinciden escritores e intelectuales que huyen [&hellip;]<\/p>\n","protected":false},"featured_media":590,"comment_status":"open","ping_status":"closed","template":"","meta":[],"product_brand":[],"product_cat":[75],"product_tag":[72],"autor":[76],"editorial":[77],"class_list":{"0":"post-1212","1":"product","2":"type-product","3":"status-publish","4":"has-post-thumbnail","6":"product_cat-literatura-catalana-es","7":"product_tag-novedad","8":"autor-eva-comas-arnal-es","9":"editorial-ediciones-proa","11":"first","12":"instock","13":"taxable","14":"shipping-taxable","15":"purchasable","16":"product-type-simple"},"yoast_head":"<!-- This site is optimized with the Yoast SEO plugin v26.9 - https:\/\/yoast.com\/product\/yoast-seo-wordpress\/ -->\n<title>Merc\u00e8 i Joan - Fundaci\u00f3 Les Voltes<\/title>\n<meta name=\"robots\" content=\"index, follow, max-snippet:-1, max-image-preview:large, max-video-preview:-1\" \/>\n<link rel=\"canonical\" href=\"https:\/\/lesvoltes.eu\/es\/producte\/mercedes-y-juan\/\" \/>\n<meta property=\"og:locale\" content=\"es_ES\" \/>\n<meta property=\"og:type\" content=\"article\" \/>\n<meta property=\"og:title\" content=\"Merc\u00e8 i Joan - Fundaci\u00f3 Les Voltes\" \/>\n<meta property=\"og:description\" content=\"La pol\u00e9mica historia de amor de Merc\u00e8 Rodoreda y Armand Obiols. Una novelista de treinta a\u00f1os, vital y con ganas de comerse el mundo. Un articulista extremadamente culto y mordaz. Y un escenario que se abre como un par\u00e9ntesis entre dos guerras: los jardines del Ch\u00e2teau de Roissy-en-Brie, donde coinciden escritores e intelectuales que huyen [&hellip;]\" \/>\n<meta property=\"og:url\" content=\"https:\/\/lesvoltes.eu\/es\/producte\/mercedes-y-juan\/\" \/>\n<meta property=\"og:site_name\" content=\"Fundaci\u00f3 Les Voltes\" \/>\n<meta property=\"article:modified_time\" content=\"2025-07-31T09:24:41+00:00\" \/>\n<meta property=\"og:image\" content=\"https:\/\/lesvoltes.eu\/wp-content\/uploads\/2025\/07\/llibrefg12.jpg\" \/>\n\t<meta property=\"og:image:width\" content=\"524\" \/>\n\t<meta property=\"og:image:height\" content=\"698\" \/>\n\t<meta property=\"og:image:type\" content=\"image\/jpeg\" \/>\n<meta name=\"twitter:card\" content=\"summary_large_image\" \/>\n<meta name=\"twitter:label1\" content=\"Tiempo de lectura\" \/>\n\t<meta name=\"twitter:data1\" content=\"1 minuto\" \/>\n<script type=\"application\/ld+json\" class=\"yoast-schema-graph\">{\"@context\":\"https:\/\/schema.org\",\"@graph\":[{\"@type\":\"WebPage\",\"@id\":\"https:\/\/lesvoltes.eu\/es\/producte\/mercedes-y-juan\/\",\"url\":\"https:\/\/lesvoltes.eu\/es\/producte\/mercedes-y-juan\/\",\"name\":\"Merc\u00e8 i Joan - Fundaci\u00f3 Les Voltes\",\"isPartOf\":{\"@id\":\"https:\/\/lesvoltes.eu\/es\/#website\"},\"primaryImageOfPage\":{\"@id\":\"https:\/\/lesvoltes.eu\/es\/producte\/mercedes-y-juan\/#primaryimage\"},\"image\":{\"@id\":\"https:\/\/lesvoltes.eu\/es\/producte\/mercedes-y-juan\/#primaryimage\"},\"thumbnailUrl\":\"https:\/\/lesvoltes.eu\/wp-content\/uploads\/2025\/07\/llibrefg12.jpg\",\"datePublished\":\"2025-07-30T08:32:46+00:00\",\"dateModified\":\"2025-07-31T09:24:41+00:00\",\"breadcrumb\":{\"@id\":\"https:\/\/lesvoltes.eu\/es\/producte\/mercedes-y-juan\/#breadcrumb\"},\"inLanguage\":\"es\",\"potentialAction\":[{\"@type\":\"ReadAction\",\"target\":[\"https:\/\/lesvoltes.eu\/es\/producte\/mercedes-y-juan\/\"]}]},{\"@type\":\"ImageObject\",\"inLanguage\":\"es\",\"@id\":\"https:\/\/lesvoltes.eu\/es\/producte\/mercedes-y-juan\/#primaryimage\",\"url\":\"https:\/\/lesvoltes.eu\/wp-content\/uploads\/2025\/07\/llibrefg12.jpg\",\"contentUrl\":\"https:\/\/lesvoltes.eu\/wp-content\/uploads\/2025\/07\/llibrefg12.jpg\",\"width\":524,\"height\":698},{\"@type\":\"BreadcrumbList\",\"@id\":\"https:\/\/lesvoltes.eu\/es\/producte\/mercedes-y-juan\/#breadcrumb\",\"itemListElement\":[{\"@type\":\"ListItem\",\"position\":1,\"name\":\"Inici\",\"item\":\"https:\/\/lesvoltes.eu\/es\/inicio\/\"},{\"@type\":\"ListItem\",\"position\":2,\"name\":\"Tienda\",\"item\":\"https:\/\/lesvoltes.eu\/es\/tienda\/\"},{\"@type\":\"ListItem\",\"position\":3,\"name\":\"Merc\u00e8 i Joan\"}]},{\"@type\":\"WebSite\",\"@id\":\"https:\/\/lesvoltes.eu\/es\/#website\",\"url\":\"https:\/\/lesvoltes.eu\/es\/\",\"name\":\"Fundaci\u00f3 Les Voltes\",\"description\":\"El Pa\u00eds el fa la gent, nosaltres hi posem les eines.\",\"publisher\":{\"@id\":\"https:\/\/lesvoltes.eu\/es\/#organization\"},\"potentialAction\":[{\"@type\":\"SearchAction\",\"target\":{\"@type\":\"EntryPoint\",\"urlTemplate\":\"https:\/\/lesvoltes.eu\/es\/?s={search_term_string}\"},\"query-input\":{\"@type\":\"PropertyValueSpecification\",\"valueRequired\":true,\"valueName\":\"search_term_string\"}}],\"inLanguage\":\"es\"},{\"@type\":\"Organization\",\"@id\":\"https:\/\/lesvoltes.eu\/es\/#organization\",\"name\":\"Fundaci\u00f3 Les Voltes\",\"url\":\"https:\/\/lesvoltes.eu\/es\/\",\"logo\":{\"@type\":\"ImageObject\",\"inLanguage\":\"es\",\"@id\":\"https:\/\/lesvoltes.eu\/es\/#\/schema\/logo\/image\/\",\"url\":\"https:\/\/lesvoltes.eu\/wp-content\/uploads\/2025\/07\/favicon-les-voltes-girona.png\",\"contentUrl\":\"https:\/\/lesvoltes.eu\/wp-content\/uploads\/2025\/07\/favicon-les-voltes-girona.png\",\"width\":1407,\"height\":1406,\"caption\":\"Fundaci\u00f3 Les Voltes\"},\"image\":{\"@id\":\"https:\/\/lesvoltes.eu\/es\/#\/schema\/logo\/image\/\"}}]}<\/script>\n<!-- \/ Yoast SEO plugin. -->","yoast_head_json":{"title":"Merc\u00e8 i Joan - Fundaci\u00f3 Les Voltes","robots":{"index":"index","follow":"follow","max-snippet":"max-snippet:-1","max-image-preview":"max-image-preview:large","max-video-preview":"max-video-preview:-1"},"canonical":"https:\/\/lesvoltes.eu\/es\/producte\/mercedes-y-juan\/","og_locale":"es_ES","og_type":"article","og_title":"Merc\u00e8 i Joan - Fundaci\u00f3 Les Voltes","og_description":"La pol\u00e9mica historia de amor de Merc\u00e8 Rodoreda y Armand Obiols. Una novelista de treinta a\u00f1os, vital y con ganas de comerse el mundo. Un articulista extremadamente culto y mordaz. Y un escenario que se abre como un par\u00e9ntesis entre dos guerras: los jardines del Ch\u00e2teau de Roissy-en-Brie, donde coinciden escritores e intelectuales que huyen [&hellip;]","og_url":"https:\/\/lesvoltes.eu\/es\/producte\/mercedes-y-juan\/","og_site_name":"Fundaci\u00f3 Les Voltes","article_modified_time":"2025-07-31T09:24:41+00:00","og_image":[{"width":524,"height":698,"url":"https:\/\/lesvoltes.eu\/wp-content\/uploads\/2025\/07\/llibrefg12.jpg","type":"image\/jpeg"}],"twitter_card":"summary_large_image","twitter_misc":{"Tiempo de lectura":"1 minuto"},"schema":{"@context":"https:\/\/schema.org","@graph":[{"@type":"WebPage","@id":"https:\/\/lesvoltes.eu\/es\/producte\/mercedes-y-juan\/","url":"https:\/\/lesvoltes.eu\/es\/producte\/mercedes-y-juan\/","name":"Merc\u00e8 i Joan - Fundaci\u00f3 Les Voltes","isPartOf":{"@id":"https:\/\/lesvoltes.eu\/es\/#website"},"primaryImageOfPage":{"@id":"https:\/\/lesvoltes.eu\/es\/producte\/mercedes-y-juan\/#primaryimage"},"image":{"@id":"https:\/\/lesvoltes.eu\/es\/producte\/mercedes-y-juan\/#primaryimage"},"thumbnailUrl":"https:\/\/lesvoltes.eu\/wp-content\/uploads\/2025\/07\/llibrefg12.jpg","datePublished":"2025-07-30T08:32:46+00:00","dateModified":"2025-07-31T09:24:41+00:00","breadcrumb":{"@id":"https:\/\/lesvoltes.eu\/es\/producte\/mercedes-y-juan\/#breadcrumb"},"inLanguage":"es","potentialAction":[{"@type":"ReadAction","target":["https:\/\/lesvoltes.eu\/es\/producte\/mercedes-y-juan\/"]}]},{"@type":"ImageObject","inLanguage":"es","@id":"https:\/\/lesvoltes.eu\/es\/producte\/mercedes-y-juan\/#primaryimage","url":"https:\/\/lesvoltes.eu\/wp-content\/uploads\/2025\/07\/llibrefg12.jpg","contentUrl":"https:\/\/lesvoltes.eu\/wp-content\/uploads\/2025\/07\/llibrefg12.jpg","width":524,"height":698},{"@type":"BreadcrumbList","@id":"https:\/\/lesvoltes.eu\/es\/producte\/mercedes-y-juan\/#breadcrumb","itemListElement":[{"@type":"ListItem","position":1,"name":"Inici","item":"https:\/\/lesvoltes.eu\/es\/inicio\/"},{"@type":"ListItem","position":2,"name":"Tienda","item":"https:\/\/lesvoltes.eu\/es\/tienda\/"},{"@type":"ListItem","position":3,"name":"Merc\u00e8 i Joan"}]},{"@type":"WebSite","@id":"https:\/\/lesvoltes.eu\/es\/#website","url":"https:\/\/lesvoltes.eu\/es\/","name":"Fundaci\u00f3 Les Voltes","description":"El Pa\u00eds el fa la gent, nosaltres hi posem les eines.","publisher":{"@id":"https:\/\/lesvoltes.eu\/es\/#organization"},"potentialAction":[{"@type":"SearchAction","target":{"@type":"EntryPoint","urlTemplate":"https:\/\/lesvoltes.eu\/es\/?s={search_term_string}"},"query-input":{"@type":"PropertyValueSpecification","valueRequired":true,"valueName":"search_term_string"}}],"inLanguage":"es"},{"@type":"Organization","@id":"https:\/\/lesvoltes.eu\/es\/#organization","name":"Fundaci\u00f3 Les Voltes","url":"https:\/\/lesvoltes.eu\/es\/","logo":{"@type":"ImageObject","inLanguage":"es","@id":"https:\/\/lesvoltes.eu\/es\/#\/schema\/logo\/image\/","url":"https:\/\/lesvoltes.eu\/wp-content\/uploads\/2025\/07\/favicon-les-voltes-girona.png","contentUrl":"https:\/\/lesvoltes.eu\/wp-content\/uploads\/2025\/07\/favicon-les-voltes-girona.png","width":1407,"height":1406,"caption":"Fundaci\u00f3 Les Voltes"},"image":{"@id":"https:\/\/lesvoltes.eu\/es\/#\/schema\/logo\/image\/"}}]}},"_links":{"self":[{"href":"https:\/\/lesvoltes.eu\/es\/wp-json\/wp\/v2\/product\/1212","targetHints":{"allow":["GET"]}}],"collection":[{"href":"https:\/\/lesvoltes.eu\/es\/wp-json\/wp\/v2\/product"}],"about":[{"href":"https:\/\/lesvoltes.eu\/es\/wp-json\/wp\/v2\/types\/product"}],"replies":[{"embeddable":true,"href":"https:\/\/lesvoltes.eu\/es\/wp-json\/wp\/v2\/comments?post=1212"}],"wp:featuredmedia":[{"embeddable":true,"href":"https:\/\/lesvoltes.eu\/es\/wp-json\/wp\/v2\/media\/590"}],"wp:attachment":[{"href":"https:\/\/lesvoltes.eu\/es\/wp-json\/wp\/v2\/media?parent=1212"}],"wp:term":[{"taxonomy":"product_brand","embeddable":true,"href":"https:\/\/lesvoltes.eu\/es\/wp-json\/wp\/v2\/product_brand?post=1212"},{"taxonomy":"product_cat","embeddable":true,"href":"https:\/\/lesvoltes.eu\/es\/wp-json\/wp\/v2\/product_cat?post=1212"},{"taxonomy":"product_tag","embeddable":true,"href":"https:\/\/lesvoltes.eu\/es\/wp-json\/wp\/v2\/product_tag?post=1212"},{"taxonomy":"autor","embeddable":true,"href":"https:\/\/lesvoltes.eu\/es\/wp-json\/wp\/v2\/autor?post=1212"},{"taxonomy":"editorial","embeddable":true,"href":"https:\/\/lesvoltes.eu\/es\/wp-json\/wp\/v2\/editorial?post=1212"}],"curies":[{"name":"wp","href":"https:\/\/api.w.org\/{rel}","templated":true}]}}

Mercè i Joan

<p>La polémica historia de amor de Mercè Rodoreda y Armand Obiols. Una novelista de treinta años, vital y con ganas de comerse el mundo. Un articulista extremadamente culto y mordaz. Y un escenario que se abre como un paréntesis entre dos guerras: los jardines del Château de Roissy-en-Brie, donde coinciden escritores e intelectuales que huyen en 1939, como Joan Oliver, Anna Murià, Francisco Trabal, Pere Calders&#8230; Todos los elementos parecen diponerse para que nazca de los amores literaria del país.<br />
 Mercè Rodoreda y Armand Obiols se transforman en estas páginas en Mercè y Joan, así es como se llamaban el uno al otro. Su relación, profunda y injertada de amor a la literatura, fue tan fuerte que les alejó de sus propias familias y de muchos de sus amigos. A caballo de París, Burdeos y Limoges, Mercè y Joan vivieron de lleno algunos de los episodios más estremecedores de la historia europea del siglo XX. Eva Comas-Arnal ha hecho de esta historia de amor una novela llena de vida.       </p>

<p>La polémica historia de amor de Mercè Rodoreda y Armand Obiols. Una novelista de treinta años, vital y con ganas de comerse el mundo. Un articulista extremadamente culto y mordaz. Y un escenario que se abre como un paréntesis entre dos guerras: los jardines del Château de Roissy-en-Brie, donde coinciden escritores e intelectuales que huyen [&hellip;]</p>

<!-- This site is optimized with the Yoast SEO plugin v26.9 - https://yoast.com/product/yoast-seo-wordpress/ -->
<title>Mercè i Joan - Fundació Les Voltes</title>
<meta name="robots" content="index, follow, max-snippet:-1, max-image-preview:large, max-video-preview:-1" />
<link rel="canonical" href="https://lesvoltes.eu/es/producte/mercedes-y-juan/" />
<meta property="og:locale" content="es_ES" />
<meta property="og:type" content="article" />
<meta property="og:title" content="Mercè i Joan - Fundació Les Voltes" />
<meta property="og:description" content="La polémica historia de amor de Mercè Rodoreda y Armand Obiols. Una novelista de treinta años, vital y con ganas de comerse el mundo. Un articulista extremadamente culto y mordaz. Y un escenario que se abre como un paréntesis entre dos guerras: los jardines del Château de Roissy-en-Brie, donde coinciden escritores e intelectuales que huyen [&hellip;]" />
<meta property="og:url" content="https://lesvoltes.eu/es/producte/mercedes-y-juan/" />
<meta property="og:site_name" content="Fundació Les Voltes" />
<meta property="article:modified_time" content="2025-07-31T09:24:41+00:00" />
<meta property="og:image" content="https://lesvoltes.eu/wp-content/uploads/2025/07/llibrefg12.jpg" />
	<meta property="og:image:width" content="524" />
	<meta property="og:image:height" content="698" />
	<meta property="og:image:type" content="image/jpeg" />
<meta name="twitter:card" content="summary_large_image" />
<meta name="twitter:label1" content="Tiempo de lectura" />
	<meta name="twitter:data1" content="1 minuto" />
<script type="application/ld+json" class="yoast-schema-graph">{"@context":"https://schema.org","@graph":[{"@type":"WebPage","@id":"https://lesvoltes.eu/es/producte/mercedes-y-juan/","url":"https://lesvoltes.eu/es/producte/mercedes-y-juan/","name":"Mercè i Joan - Fundació Les Voltes","isPartOf":{"@id":"https://lesvoltes.eu/es/#website"},"primaryImageOfPage":{"@id":"https://lesvoltes.eu/es/producte/mercedes-y-juan/#primaryimage"},"image":{"@id":"https://lesvoltes.eu/es/producte/mercedes-y-juan/#primaryimage"},"thumbnailUrl":"https://lesvoltes.eu/wp-content/uploads/2025/07/llibrefg12.jpg","datePublished":"2025-07-30T08:32:46+00:00","dateModified":"2025-07-31T09:24:41+00:00","breadcrumb":{"@id":"https://lesvoltes.eu/es/producte/mercedes-y-juan/#breadcrumb"},"inLanguage":"es","potentialAction":[{"@type":"ReadAction","target":["https://lesvoltes.eu/es/producte/mercedes-y-juan/"]}]},{"@type":"ImageObject","inLanguage":"es","@id":"https://lesvoltes.eu/es/producte/mercedes-y-juan/#primaryimage","url":"https://lesvoltes.eu/wp-content/uploads/2025/07/llibrefg12.jpg","contentUrl":"https://lesvoltes.eu/wp-content/uploads/2025/07/llibrefg12.jpg","width":524,"height":698},{"@type":"BreadcrumbList","@id":"https://lesvoltes.eu/es/producte/mercedes-y-juan/#breadcrumb","itemListElement":[{"@type":"ListItem","position":1,"name":"Inici","item":"https://lesvoltes.eu/es/inicio/"},{"@type":"ListItem","position":2,"name":"Tienda","item":"https://lesvoltes.eu/es/tienda/"},{"@type":"ListItem","position":3,"name":"Mercè i Joan"}]},{"@type":"WebSite","@id":"https://lesvoltes.eu/es/#website","url":"https://lesvoltes.eu/es/","name":"Fundació Les Voltes","description":"El País el fa la gent, nosaltres hi posem les eines.","publisher":{"@id":"https://lesvoltes.eu/es/#organization"},"potentialAction":[{"@type":"SearchAction","target":{"@type":"EntryPoint","urlTemplate":"https://lesvoltes.eu/es/?s={search_term_string}"},"query-input":{"@type":"PropertyValueSpecification","valueRequired":true,"valueName":"search_term_string"}}],"inLanguage":"es"},{"@type":"Organization","@id":"https://lesvoltes.eu/es/#organization","name":"Fundació Les Voltes","url":"https://lesvoltes.eu/es/","logo":{"@type":"ImageObject","inLanguage":"es","@id":"https://lesvoltes.eu/es/#/schema/logo/image/","url":"https://lesvoltes.eu/wp-content/uploads/2025/07/favicon-les-voltes-girona.png","contentUrl":"https://lesvoltes.eu/wp-content/uploads/2025/07/favicon-les-voltes-girona.png","width":1407,"height":1406,"caption":"Fundació Les Voltes"},"image":{"@id":"https://lesvoltes.eu/es/#/schema/logo/image/"}}]}</script>
<!-- / Yoast SEO plugin. -->

Mercè i Joan - Fundació Les Voltes

La polémica historia de amor de Mercè Rodoreda y Armand Obiols. Una novelista de treinta años, vital y con ganas de comerse el mundo. Un articulista extremadamente culto y mordaz. Y un escenario que se abre como un paréntesis entre dos guerras: los jardines del Château de Roissy-en-Brie, donde coinciden escritores e intelectuales que huyen [&hellip;]

Fundació Les Voltes

El País el fa la gent, nosaltres hi posem les eines.
