{"id":1508,"date":"2025-10-24T11:09:23","date_gmt":"2025-10-24T09:09:23","guid":{"rendered":"https:\/\/lesvoltes.eu\/?post_type=tallers-families&#038;p=1508"},"modified":"2025-10-24T11:11:04","modified_gmt":"2025-10-24T09:11:04","slug":"ioga-en-familia","status":"publish","type":"tallers-families","link":"https:\/\/lesvoltes.eu\/es\/tallers-families\/ioga-en-familia\/","title":{"rendered":"Ioga en fam\u00edlia"},"content":{"rendered":"\n<p>Aquest taller est\u00e0 pensat per passar una estona divertida en fam\u00edlia i crear lligams amb els vostres fills. Practicarem postures de ioga per connectar el cos i la ment. Prendrem consci\u00e8ncia de la nostra respiraci\u00f3 i crearem en un espai d\u2019uni\u00f3, de respecte i de calma.<\/p>\n","protected":false},"featured_media":1509,"template":"","estat-taller":[82],"class_list":["post-1508","tallers-families","type-tallers-families","status-publish","has-post-thumbnail","hentry","estat-taller-properament"],"yoast_head":"<!-- This site is optimized with the Yoast SEO plugin v26.9 - https:\/\/yoast.com\/product\/yoast-seo-wordpress\/ -->\n<title>Ioga en fam\u00edlia - Fundaci\u00f3 Les Voltes<\/title>\n<meta name=\"robots\" content=\"index, follow, max-snippet:-1, max-image-preview:large, max-video-preview:-1\" \/>\n<link rel=\"canonical\" href=\"https:\/\/lesvoltes.eu\/es\/tallers-families\/ioga-en-familia\/\" \/>\n<meta property=\"og:locale\" content=\"es_ES\" \/>\n<meta property=\"og:type\" content=\"article\" \/>\n<meta property=\"og:title\" content=\"Ioga en fam\u00edlia - Fundaci\u00f3 Les Voltes\" \/>\n<meta property=\"og:description\" content=\"Aquest taller est\u00e0 pensat per passar una estona divertida en fam\u00edlia i crear lligams amb els vostres fills. Practicarem postures de ioga per connectar el cos i la ment. Prendrem consci\u00e8ncia de la nostra respiraci\u00f3 i crearem en un espai d\u2019uni\u00f3, de respecte i de calma.\" \/>\n<meta property=\"og:url\" content=\"https:\/\/lesvoltes.eu\/es\/tallers-families\/ioga-en-familia\/\" \/>\n<meta property=\"og:site_name\" content=\"Fundaci\u00f3 Les Voltes\" \/>\n<meta property=\"article:modified_time\" content=\"2025-10-24T09:11:04+00:00\" \/>\n<meta property=\"og:image\" content=\"https:\/\/lesvoltes.eu\/wp-content\/uploads\/2025\/10\/ioga-en-familia-45083806.jpeg\" \/>\n\t<meta property=\"og:image:width\" content=\"1024\" \/>\n\t<meta property=\"og:image:height\" content=\"576\" \/>\n\t<meta property=\"og:image:type\" content=\"image\/jpeg\" \/>\n<meta name=\"twitter:card\" content=\"summary_large_image\" \/>\n<script type=\"application\/ld+json\" class=\"yoast-schema-graph\">{\"@context\":\"https:\/\/schema.org\",\"@graph\":[{\"@type\":\"WebPage\",\"@id\":\"https:\/\/lesvoltes.eu\/es\/tallers-families\/ioga-en-familia\/\",\"url\":\"https:\/\/lesvoltes.eu\/es\/tallers-families\/ioga-en-familia\/\",\"name\":\"Ioga en fam\u00edlia - Fundaci\u00f3 Les Voltes\",\"isPartOf\":{\"@id\":\"https:\/\/lesvoltes.eu\/es\/#website\"},\"primaryImageOfPage\":{\"@id\":\"https:\/\/lesvoltes.eu\/es\/tallers-families\/ioga-en-familia\/#primaryimage\"},\"image\":{\"@id\":\"https:\/\/lesvoltes.eu\/es\/tallers-families\/ioga-en-familia\/#primaryimage\"},\"thumbnailUrl\":\"https:\/\/lesvoltes.eu\/wp-content\/uploads\/2025\/10\/ioga-en-familia-45083806.jpeg\",\"datePublished\":\"2025-10-24T09:09:23+00:00\",\"dateModified\":\"2025-10-24T09:11:04+00:00\",\"breadcrumb\":{\"@id\":\"https:\/\/lesvoltes.eu\/es\/tallers-families\/ioga-en-familia\/#breadcrumb\"},\"inLanguage\":\"es\",\"potentialAction\":[{\"@type\":\"ReadAction\",\"target\":[\"https:\/\/lesvoltes.eu\/es\/tallers-families\/ioga-en-familia\/\"]}]},{\"@type\":\"ImageObject\",\"inLanguage\":\"es\",\"@id\":\"https:\/\/lesvoltes.eu\/es\/tallers-families\/ioga-en-familia\/#primaryimage\",\"url\":\"https:\/\/lesvoltes.eu\/wp-content\/uploads\/2025\/10\/ioga-en-familia-45083806.jpeg\",\"contentUrl\":\"https:\/\/lesvoltes.eu\/wp-content\/uploads\/2025\/10\/ioga-en-familia-45083806.jpeg\",\"width\":1024,\"height\":576,\"caption\":\"Detall Ioga\"},{\"@type\":\"BreadcrumbList\",\"@id\":\"https:\/\/lesvoltes.eu\/es\/tallers-families\/ioga-en-familia\/#breadcrumb\",\"itemListElement\":[{\"@type\":\"ListItem\",\"position\":1,\"name\":\"Inici\",\"item\":\"https:\/\/lesvoltes.eu\/es\/inicio\/\"},{\"@type\":\"ListItem\",\"position\":2,\"name\":\"Tallers per a fam\u00edlies\",\"item\":\"https:\/\/lesvoltes.eu\/es\/tallers-families\/\"},{\"@type\":\"ListItem\",\"position\":3,\"name\":\"Ioga en fam\u00edlia\"}]},{\"@type\":\"WebSite\",\"@id\":\"https:\/\/lesvoltes.eu\/es\/#website\",\"url\":\"https:\/\/lesvoltes.eu\/es\/\",\"name\":\"Fundaci\u00f3 Les Voltes\",\"description\":\"El Pa\u00eds el fa la gent, nosaltres hi posem les eines.\",\"publisher\":{\"@id\":\"https:\/\/lesvoltes.eu\/es\/#organization\"},\"potentialAction\":[{\"@type\":\"SearchAction\",\"target\":{\"@type\":\"EntryPoint\",\"urlTemplate\":\"https:\/\/lesvoltes.eu\/es\/?s={search_term_string}\"},\"query-input\":{\"@type\":\"PropertyValueSpecification\",\"valueRequired\":true,\"valueName\":\"search_term_string\"}}],\"inLanguage\":\"es\"},{\"@type\":\"Organization\",\"@id\":\"https:\/\/lesvoltes.eu\/es\/#organization\",\"name\":\"Fundaci\u00f3 Les Voltes\",\"url\":\"https:\/\/lesvoltes.eu\/es\/\",\"logo\":{\"@type\":\"ImageObject\",\"inLanguage\":\"es\",\"@id\":\"https:\/\/lesvoltes.eu\/es\/#\/schema\/logo\/image\/\",\"url\":\"https:\/\/lesvoltes.eu\/wp-content\/uploads\/2025\/07\/favicon-les-voltes-girona.png\",\"contentUrl\":\"https:\/\/lesvoltes.eu\/wp-content\/uploads\/2025\/07\/favicon-les-voltes-girona.png\",\"width\":1407,\"height\":1406,\"caption\":\"Fundaci\u00f3 Les Voltes\"},\"image\":{\"@id\":\"https:\/\/lesvoltes.eu\/es\/#\/schema\/logo\/image\/\"}}]}<\/script>\n<!-- \/ Yoast SEO plugin. -->","yoast_head_json":{"title":"Ioga en fam\u00edlia - Fundaci\u00f3 Les Voltes","robots":{"index":"index","follow":"follow","max-snippet":"max-snippet:-1","max-image-preview":"max-image-preview:large","max-video-preview":"max-video-preview:-1"},"canonical":"https:\/\/lesvoltes.eu\/es\/tallers-families\/ioga-en-familia\/","og_locale":"es_ES","og_type":"article","og_title":"Ioga en fam\u00edlia - Fundaci\u00f3 Les Voltes","og_description":"Aquest taller est\u00e0 pensat per passar una estona divertida en fam\u00edlia i crear lligams amb els vostres fills. Practicarem postures de ioga per connectar el cos i la ment. Prendrem consci\u00e8ncia de la nostra respiraci\u00f3 i crearem en un espai d\u2019uni\u00f3, de respecte i de calma.","og_url":"https:\/\/lesvoltes.eu\/es\/tallers-families\/ioga-en-familia\/","og_site_name":"Fundaci\u00f3 Les Voltes","article_modified_time":"2025-10-24T09:11:04+00:00","og_image":[{"width":1024,"height":576,"url":"https:\/\/lesvoltes.eu\/wp-content\/uploads\/2025\/10\/ioga-en-familia-45083806.jpeg","type":"image\/jpeg"}],"twitter_card":"summary_large_image","schema":{"@context":"https:\/\/schema.org","@graph":[{"@type":"WebPage","@id":"https:\/\/lesvoltes.eu\/es\/tallers-families\/ioga-en-familia\/","url":"https:\/\/lesvoltes.eu\/es\/tallers-families\/ioga-en-familia\/","name":"Ioga en fam\u00edlia - Fundaci\u00f3 Les Voltes","isPartOf":{"@id":"https:\/\/lesvoltes.eu\/es\/#website"},"primaryImageOfPage":{"@id":"https:\/\/lesvoltes.eu\/es\/tallers-families\/ioga-en-familia\/#primaryimage"},"image":{"@id":"https:\/\/lesvoltes.eu\/es\/tallers-families\/ioga-en-familia\/#primaryimage"},"thumbnailUrl":"https:\/\/lesvoltes.eu\/wp-content\/uploads\/2025\/10\/ioga-en-familia-45083806.jpeg","datePublished":"2025-10-24T09:09:23+00:00","dateModified":"2025-10-24T09:11:04+00:00","breadcrumb":{"@id":"https:\/\/lesvoltes.eu\/es\/tallers-families\/ioga-en-familia\/#breadcrumb"},"inLanguage":"es","potentialAction":[{"@type":"ReadAction","target":["https:\/\/lesvoltes.eu\/es\/tallers-families\/ioga-en-familia\/"]}]},{"@type":"ImageObject","inLanguage":"es","@id":"https:\/\/lesvoltes.eu\/es\/tallers-families\/ioga-en-familia\/#primaryimage","url":"https:\/\/lesvoltes.eu\/wp-content\/uploads\/2025\/10\/ioga-en-familia-45083806.jpeg","contentUrl":"https:\/\/lesvoltes.eu\/wp-content\/uploads\/2025\/10\/ioga-en-familia-45083806.jpeg","width":1024,"height":576,"caption":"Detall Ioga"},{"@type":"BreadcrumbList","@id":"https:\/\/lesvoltes.eu\/es\/tallers-families\/ioga-en-familia\/#breadcrumb","itemListElement":[{"@type":"ListItem","position":1,"name":"Inici","item":"https:\/\/lesvoltes.eu\/es\/inicio\/"},{"@type":"ListItem","position":2,"name":"Tallers per a fam\u00edlies","item":"https:\/\/lesvoltes.eu\/es\/tallers-families\/"},{"@type":"ListItem","position":3,"name":"Ioga en fam\u00edlia"}]},{"@type":"WebSite","@id":"https:\/\/lesvoltes.eu\/es\/#website","url":"https:\/\/lesvoltes.eu\/es\/","name":"Fundaci\u00f3 Les Voltes","description":"El Pa\u00eds el fa la gent, nosaltres hi posem les eines.","publisher":{"@id":"https:\/\/lesvoltes.eu\/es\/#organization"},"potentialAction":[{"@type":"SearchAction","target":{"@type":"EntryPoint","urlTemplate":"https:\/\/lesvoltes.eu\/es\/?s={search_term_string}"},"query-input":{"@type":"PropertyValueSpecification","valueRequired":true,"valueName":"search_term_string"}}],"inLanguage":"es"},{"@type":"Organization","@id":"https:\/\/lesvoltes.eu\/es\/#organization","name":"Fundaci\u00f3 Les Voltes","url":"https:\/\/lesvoltes.eu\/es\/","logo":{"@type":"ImageObject","inLanguage":"es","@id":"https:\/\/lesvoltes.eu\/es\/#\/schema\/logo\/image\/","url":"https:\/\/lesvoltes.eu\/wp-content\/uploads\/2025\/07\/favicon-les-voltes-girona.png","contentUrl":"https:\/\/lesvoltes.eu\/wp-content\/uploads\/2025\/07\/favicon-les-voltes-girona.png","width":1407,"height":1406,"caption":"Fundaci\u00f3 Les Voltes"},"image":{"@id":"https:\/\/lesvoltes.eu\/es\/#\/schema\/logo\/image\/"}}]}},"_links":{"self":[{"href":"https:\/\/lesvoltes.eu\/es\/wp-json\/wp\/v2\/tallers-families\/1508","targetHints":{"allow":["GET"]}}],"collection":[{"href":"https:\/\/lesvoltes.eu\/es\/wp-json\/wp\/v2\/tallers-families"}],"about":[{"href":"https:\/\/lesvoltes.eu\/es\/wp-json\/wp\/v2\/types\/tallers-families"}],"wp:featuredmedia":[{"embeddable":true,"href":"https:\/\/lesvoltes.eu\/es\/wp-json\/wp\/v2\/media\/1509"}],"wp:attachment":[{"href":"https:\/\/lesvoltes.eu\/es\/wp-json\/wp\/v2\/media?parent=1508"}],"wp:term":[{"taxonomy":"estat-taller","embeddable":true,"href":"https:\/\/lesvoltes.eu\/es\/wp-json\/wp\/v2\/estat-taller?post=1508"}],"curies":[{"name":"wp","href":"https:\/\/api.w.org\/{rel}","templated":true}]}}

Ioga en família

<p>Aquest taller està pensat per passar una estona divertida en família i crear lligams amb els vostres fills. Practicarem postures de ioga per connectar el cos i la ment. Prendrem consciència de la nostra respiració i crearem en un espai d’unió, de respecte i de calma.</p>

<!-- This site is optimized with the Yoast SEO plugin v26.9 - https://yoast.com/product/yoast-seo-wordpress/ -->
<title>Ioga en família - Fundació Les Voltes</title>
<meta name="robots" content="index, follow, max-snippet:-1, max-image-preview:large, max-video-preview:-1" />
<link rel="canonical" href="https://lesvoltes.eu/es/tallers-families/ioga-en-familia/" />
<meta property="og:locale" content="es_ES" />
<meta property="og:type" content="article" />
<meta property="og:title" content="Ioga en família - Fundació Les Voltes" />
<meta property="og:description" content="Aquest taller està pensat per passar una estona divertida en família i crear lligams amb els vostres fills. Practicarem postures de ioga per connectar el cos i la ment. Prendrem consciència de la nostra respiració i crearem en un espai d’unió, de respecte i de calma." />
<meta property="og:url" content="https://lesvoltes.eu/es/tallers-families/ioga-en-familia/" />
<meta property="og:site_name" content="Fundació Les Voltes" />
<meta property="article:modified_time" content="2025-10-24T09:11:04+00:00" />
<meta property="og:image" content="https://lesvoltes.eu/wp-content/uploads/2025/10/ioga-en-familia-45083806.jpeg" />
	<meta property="og:image:width" content="1024" />
	<meta property="og:image:height" content="576" />
	<meta property="og:image:type" content="image/jpeg" />
<meta name="twitter:card" content="summary_large_image" />
<script type="application/ld+json" class="yoast-schema-graph">{"@context":"https://schema.org","@graph":[{"@type":"WebPage","@id":"https://lesvoltes.eu/es/tallers-families/ioga-en-familia/","url":"https://lesvoltes.eu/es/tallers-families/ioga-en-familia/","name":"Ioga en família - Fundació Les Voltes","isPartOf":{"@id":"https://lesvoltes.eu/es/#website"},"primaryImageOfPage":{"@id":"https://lesvoltes.eu/es/tallers-families/ioga-en-familia/#primaryimage"},"image":{"@id":"https://lesvoltes.eu/es/tallers-families/ioga-en-familia/#primaryimage"},"thumbnailUrl":"https://lesvoltes.eu/wp-content/uploads/2025/10/ioga-en-familia-45083806.jpeg","datePublished":"2025-10-24T09:09:23+00:00","dateModified":"2025-10-24T09:11:04+00:00","breadcrumb":{"@id":"https://lesvoltes.eu/es/tallers-families/ioga-en-familia/#breadcrumb"},"inLanguage":"es","potentialAction":[{"@type":"ReadAction","target":["https://lesvoltes.eu/es/tallers-families/ioga-en-familia/"]}]},{"@type":"ImageObject","inLanguage":"es","@id":"https://lesvoltes.eu/es/tallers-families/ioga-en-familia/#primaryimage","url":"https://lesvoltes.eu/wp-content/uploads/2025/10/ioga-en-familia-45083806.jpeg","contentUrl":"https://lesvoltes.eu/wp-content/uploads/2025/10/ioga-en-familia-45083806.jpeg","width":1024,"height":576,"caption":"Detall Ioga"},{"@type":"BreadcrumbList","@id":"https://lesvoltes.eu/es/tallers-families/ioga-en-familia/#breadcrumb","itemListElement":[{"@type":"ListItem","position":1,"name":"Inici","item":"https://lesvoltes.eu/es/inicio/"},{"@type":"ListItem","position":2,"name":"Tallers per a famílies","item":"https://lesvoltes.eu/es/tallers-families/"},{"@type":"ListItem","position":3,"name":"Ioga en família"}]},{"@type":"WebSite","@id":"https://lesvoltes.eu/es/#website","url":"https://lesvoltes.eu/es/","name":"Fundació Les Voltes","description":"El País el fa la gent, nosaltres hi posem les eines.","publisher":{"@id":"https://lesvoltes.eu/es/#organization"},"potentialAction":[{"@type":"SearchAction","target":{"@type":"EntryPoint","urlTemplate":"https://lesvoltes.eu/es/?s={search_term_string}"},"query-input":{"@type":"PropertyValueSpecification","valueRequired":true,"valueName":"search_term_string"}}],"inLanguage":"es"},{"@type":"Organization","@id":"https://lesvoltes.eu/es/#organization","name":"Fundació Les Voltes","url":"https://lesvoltes.eu/es/","logo":{"@type":"ImageObject","inLanguage":"es","@id":"https://lesvoltes.eu/es/#/schema/logo/image/","url":"https://lesvoltes.eu/wp-content/uploads/2025/07/favicon-les-voltes-girona.png","contentUrl":"https://lesvoltes.eu/wp-content/uploads/2025/07/favicon-les-voltes-girona.png","width":1407,"height":1406,"caption":"Fundació Les Voltes"},"image":{"@id":"https://lesvoltes.eu/es/#/schema/logo/image/"}}]}</script>
<!-- / Yoast SEO plugin. -->

Ioga en família - Fundació Les Voltes

Aquest taller està pensat per passar una estona divertida en família i crear lligams amb els vostres fills. Practicarem postures de ioga per connectar el cos i la ment. Prendrem consciència de la nostra respiració i crearem en un espai d’unió, de respecte i de calma.

Fundació Les Voltes

Tallers per a famílies

El País el fa la gent, nosaltres hi posem les eines.
